Last updated on 2025-11-13 11:50:55 CET.
| Flavor | Version | Tinstall | Tcheck | Ttotal | Status | Flags |
|---|---|---|---|---|---|---|
| r-devel-linux-x86_64-debian-clang | 0.2.3 | 7.37 | 275.55 | 282.92 | NOTE | |
| r-devel-linux-x86_64-debian-gcc | 0.2.3 | 5.45 | 203.19 | 208.64 | NOTE | |
| r-devel-linux-x86_64-fedora-clang | 0.2.3 | 22.00 | 414.08 | 436.08 | NOTE | |
| r-devel-linux-x86_64-fedora-gcc | 0.2.3 | 15.00 | 461.85 | 476.85 | NOTE | |
| r-devel-windows-x86_64 | 0.2.3 | 11.00 | 419.00 | 430.00 | NOTE | |
| r-patched-linux-x86_64 | 0.2.3 | 7.63 | 269.66 | 277.29 | NOTE | |
| r-release-linux-x86_64 | 0.2.3 | 6.90 | 263.98 | 270.88 | NOTE | |
| r-release-macos-arm64 | 0.2.3 | 3.00 | 190.00 | 193.00 | NOTE | |
| r-release-macos-x86_64 | 0.2.3 | 6.00 | 279.00 | 285.00 | NOTE | |
| r-release-windows-x86_64 | 0.2.3 | 11.00 | 426.00 | 437.00 | NOTE | |
| r-oldrel-macos-arm64 | 0.2.3 | 3.00 | 155.00 | 158.00 | OK | |
| r-oldrel-macos-x86_64 | 0.2.3 | 8.00 | 460.00 | 468.00 | OK | |
| r-oldrel-windows-x86_64 | 0.2.3 | 14.00 | 474.00 | 488.00 | OK |
Version: 0.2.3
Check: DESCRIPTION meta-information
Result: NOTE
Missing dependency on R >= 4.1.0 because package code uses the pipe
|> or function shorthand \(...) syntax added in R 4.1.0.
File(s) using such syntax:
‘catchment_sim.R’ ‘elementary_pop.R’
Flavors: r-devel-linux-x86_64-debian-clang, r-devel-linux-x86_64-debian-gcc, r-devel-linux-x86_64-fedora-clang, r-devel-linux-x86_64-fedora-gcc, r-devel-windows-x86_64, r-patched-linux-x86_64, r-release-linux-x86_64, r-release-macos-arm64, r-release-macos-x86_64, r-release-windows-x86_64
Version: 0.2.3
Check: for non-standard things in the check directory
Result: NOTE
Found the following files/directories:
‘DESA’
Flavor: r-devel-linux-x86_64-fedora-gcc
These binaries (installable software) and packages are in development.
They may not be fully stable and should be used with caution. We make no claims about them.