Last updated on 2025-02-19 08:50:34 CET.
Flavor | Version | Tinstall | Tcheck | Ttotal | Status | Flags |
---|---|---|---|---|---|---|
r-devel-linux-x86_64-debian-clang | 0.2.3 | 6.48 | 258.25 | 264.73 | NOTE | |
r-devel-linux-x86_64-debian-gcc | 0.2.3 | 4.15 | 184.87 | 189.02 | NOTE | |
r-devel-linux-x86_64-fedora-clang | 0.2.3 | 436.98 | NOTE | |||
r-devel-linux-x86_64-fedora-gcc | 0.2.3 | 468.67 | NOTE | |||
r-devel-macos-arm64 | 0.2.3 | 155.00 | OK | |||
r-devel-macos-x86_64 | 0.2.3 | 292.00 | NOTE | |||
r-devel-windows-x86_64 | 0.2.3 | 8.00 | 359.00 | 367.00 | NOTE | |
r-patched-linux-x86_64 | 0.2.3 | 6.37 | 242.93 | 249.30 | OK | |
r-release-linux-x86_64 | 0.2.3 | 5.98 | 242.44 | 248.42 | OK | |
r-release-macos-arm64 | 0.2.3 | 158.00 | OK | |||
r-release-macos-x86_64 | 0.2.3 | 468.00 | OK | |||
r-release-windows-x86_64 | 0.2.3 | 8.00 | 351.00 | 359.00 | OK | |
r-oldrel-macos-arm64 | 0.2.3 | 270.00 | OK | |||
r-oldrel-macos-x86_64 | 0.2.3 | 588.00 | OK | |||
r-oldrel-windows-x86_64 | 0.2.3 | 9.00 | 351.00 | 360.00 | OK |
Version: 0.2.3
Check: DESCRIPTION meta-information
Result: NOTE
Missing dependency on R >= 4.1.0 because package code uses the pipe
|> or function shorthand \(...) syntax added in R 4.1.0.
File(s) using such syntax:
‘catchment_sim.R’ ‘elementary_pop.R’
Flavors: r-devel-linux-x86_64-debian-clang, r-devel-linux-x86_64-debian-gcc, r-devel-linux-x86_64-fedora-clang, r-devel-linux-x86_64-fedora-gcc, r-devel-macos-x86_64, r-devel-windows-x86_64
These binaries (installable software) and packages are in development.
They may not be fully stable and should be used with caution. We make no claims about them.