CRAN Package Check Results for Package ATQ

Last updated on 2025-05-01 12:49:22 CEST.

Flavor Version Tinstall Tcheck Ttotal Status Flags
r-devel-linux-x86_64-debian-clang 0.2.3 6.59 262.79 269.38 NOTE
r-devel-linux-x86_64-debian-gcc 0.2.3 4.23 191.31 195.54 NOTE
r-devel-linux-x86_64-fedora-clang 0.2.3 446.13 NOTE
r-devel-linux-x86_64-fedora-gcc 0.2.3 470.68 NOTE
r-devel-windows-x86_64 0.2.3 9.00 340.00 349.00 NOTE
r-patched-linux-x86_64 0.2.3 6.08 254.03 260.11 NOTE
r-release-linux-x86_64 NOTE
r-release-macos-arm64 0.2.3 193.00 NOTE
r-release-macos-x86_64 0.2.3 285.00 NOTE
r-release-windows-x86_64 0.2.3 8.00 355.00 363.00 NOTE
r-oldrel-macos-arm64 0.2.3 158.00 OK
r-oldrel-macos-x86_64 0.2.3 468.00 OK
r-oldrel-windows-x86_64 0.2.3 10.00 429.00 439.00 OK

Check Details

Version: 0.2.3
Check: DESCRIPTION meta-information
Result: NOTE Missing dependency on R >= 4.1.0 because package code uses the pipe |> or function shorthand \(...) syntax added in R 4.1.0. File(s) using such syntax: ‘catchment_sim.R’ ‘elementary_pop.R’ Flavors: r-devel-linux-x86_64-debian-clang, r-devel-linux-x86_64-debian-gcc, r-devel-linux-x86_64-fedora-clang, r-devel-linux-x86_64-fedora-gcc, r-devel-windows-x86_64, r-patched-linux-x86_64, r-release-linux-x86_64, r-release-macos-arm64, r-release-macos-x86_64, r-release-windows-x86_64

Version: 0.2.3
Check: examples
Result: NOTE Examples with CPU (user + system) or elapsed time > 5s user system elapsed plot.alarm_plot_data 8.087 0.020 9.126 eval_metrics 6.444 0.051 7.481 Flavor: r-devel-linux-x86_64-debian-clang

Version: 0.2.3
Check: examples
Result: NA user system elapsed plot.alarm_plot_data 5.293 0.056 6.154 OK Flavor: r-devel-linux-x86_64-debian-gcc

These binaries (installable software) and packages are in development.
They may not be fully stable and should be used with caution. We make no claims about them.