Last updated on 2025-05-01 12:49:22 CEST.
Flavor | Version | Tinstall | Tcheck | Ttotal | Status | Flags |
---|---|---|---|---|---|---|
r-devel-linux-x86_64-debian-clang | 1.2.0 | 3.75 | 69.45 | 73.20 | NOTE | |
r-devel-linux-x86_64-debian-gcc | 1.2.0 | 2.76 | 51.31 | 54.07 | OK | |
r-devel-linux-x86_64-fedora-clang | 1.2.0 | 118.96 | OK | |||
r-devel-linux-x86_64-fedora-gcc | 1.2.0 | 128.07 | OK | |||
r-devel-windows-x86_64 | 1.2.0 | 6.00 | 83.00 | 89.00 | OK | |
r-patched-linux-x86_64 | 1.2.0 | 2.93 | 63.94 | 66.87 | OK | |
r-release-linux-x86_64 | OK | |||||
r-release-macos-arm64 | 1.2.0 | 38.00 | OK | |||
r-release-macos-x86_64 | 1.2.0 | 67.00 | OK | |||
r-release-windows-x86_64 | 1.2.0 | 6.00 | 85.00 | 91.00 | OK | |
r-oldrel-macos-arm64 | 1.2.0 | 45.00 | OK | |||
r-oldrel-macos-x86_64 | 1.2.0 | 57.00 | OK | |||
r-oldrel-windows-x86_64 | 1.2.0 | 7.00 | 105.00 | 112.00 | OK |
Version: 1.2.0
Check: examples
Result: NOTE
Examples with CPU (user + system) or elapsed time > 5s
user system elapsed
DEGS_scANANSE 7.426 0.331 8.982
Flavor: r-devel-linux-x86_64-debian-clang
Version: 1.2.0
Check: examples
Result: NA
user system elapsed
DEGS_scANANSE 4.976 0.367 6.373
OK
Flavor: r-devel-linux-x86_64-debian-gcc
These binaries (installable software) and packages are in development.
They may not be fully stable and should be used with caution. We make no claims about them.