Last updated on 2025-05-21 23:48:38 CEST.
Flavor | Version | Tinstall | Tcheck | Ttotal | Status | Flags |
---|---|---|---|---|---|---|
r-devel-linux-x86_64-debian-clang | 1.3.5 | 10.69 | 124.25 | 134.94 | NOTE | |
r-devel-linux-x86_64-debian-gcc | 1.3.5 | 6.83 | 88.24 | 95.07 | NOTE | |
r-devel-linux-x86_64-fedora-clang | 1.3.5 | 210.66 | OK | |||
r-devel-linux-x86_64-fedora-gcc | 1.3.5 | 206.84 | OK | |||
r-devel-windows-x86_64 | 1.3.5 | 11.00 | 135.00 | 146.00 | OK | |
r-patched-linux-x86_64 | 1.3.5 | 11.63 | 114.88 | 126.51 | OK | |
r-release-linux-x86_64 | 1.3.5 | 10.06 | 114.56 | 124.62 | OK | |
r-release-macos-arm64 | 1.3.5 | 65.00 | OK | |||
r-release-macos-x86_64 | 1.3.5 | 126.00 | OK | |||
r-release-windows-x86_64 | 1.3.5 | 11.00 | 140.00 | 151.00 | OK | |
r-oldrel-macos-arm64 | 1.3.5 | 67.00 | OK | |||
r-oldrel-macos-x86_64 | 1.3.5 | 129.00 | OK | |||
r-oldrel-windows-x86_64 | 1.3.5 | 15.00 | 164.00 | 179.00 | OK |
Version: 1.3.5
Check: DESCRIPTION meta-information
Result: NOTE
Author field differs from that derived from Authors@R
Author: ‘S. Mason Garrison [aut, cre] (<https://orcid.org/0000-0002-4804-6003>), Michael D. Hunter [aut] (<https://orcid.org/0000-0002-3651-6709>), Xuanyu Lyu [aut] (<https://orcid.org/0000-0002-2841-5529>), Rachel N. Good [ctb], Jonathan D. Trattner [aut] (<https://orcid.org/0000-0002-1097-7603>, https://www.jdtrat.com/), S. Alexandra Burt [aut] (<https://orcid.org/0000-0001-5538-7431>)’
Authors@R: ‘S. Mason Garrison [aut, cre] (ORCID: <https://orcid.org/0000-0002-4804-6003>), Michael D. Hunter [aut] (ORCID: <https://orcid.org/0000-0002-3651-6709>), Xuanyu Lyu [aut] (ORCID: <https://orcid.org/0000-0002-2841-5529>), Rachel N. Good [ctb], Jonathan D. Trattner [aut] (ORCID: <https://orcid.org/0000-0002-1097-7603>, url: https://www.jdtrat.com/), S. Alexandra Burt [aut] (ORCID: <https://orcid.org/0000-0001-5538-7431>)’
Flavors: r-devel-linux-x86_64-debian-clang, r-devel-linux-x86_64-debian-gcc
These binaries (installable software) and packages are in development.
They may not be fully stable and should be used with caution. We make no claims about them.