CRAN Package Check Results for Package BayesGP

Last updated on 2025-05-21 23:48:37 CEST.

Flavor Version Tinstall Tcheck Ttotal Status Flags
r-devel-linux-x86_64-debian-clang 0.1.3 86.20 119.57 205.77 OK
r-devel-linux-x86_64-debian-gcc 0.1.3 75.07 88.96 164.03 OK
r-devel-linux-x86_64-fedora-clang 0.1.3 312.78 OK
r-devel-linux-x86_64-fedora-gcc 0.1.3 422.99 OK
r-devel-windows-x86_64 0.1.3 87.00 151.00 238.00 OK
r-patched-linux-x86_64 0.1.3 94.87 118.40 213.27 OK
r-release-linux-x86_64 0.1.3 97.55 118.86 216.41 OK
r-release-macos-arm64 0.1.3 112.00 OK
r-release-macos-x86_64 0.1.3 205.00 OK
r-release-windows-x86_64 0.1.3 87.00 158.00 245.00 OK
r-oldrel-macos-arm64 0.1.3 240.00 NOTE
r-oldrel-macos-x86_64 0.1.3 301.00 NOTE
r-oldrel-windows-x86_64 0.1.3 108.00 193.00 301.00 NOTE

Check Details

Version: 0.1.3
Check: installed package size
Result: NOTE installed size is 45.0Mb sub-directories of 1Mb or more: libs 43.9Mb Flavors: r-oldrel-macos-arm64, r-oldrel-macos-x86_64, r-oldrel-windows-x86_64

These binaries (installable software) and packages are in development.
They may not be fully stable and should be used with caution. We make no claims about them.