Last updated on 2025-10-23 21:51:21 CEST.
Flavor | Version | Tinstall | Tcheck | Ttotal | Status | Flags |
---|---|---|---|---|---|---|
r-devel-linux-x86_64-debian-clang | 0.1.3 | 86.08 | 124.59 | 210.67 | OK | |
r-devel-linux-x86_64-debian-gcc | 0.1.3 | 69.17 | 92.70 | 161.87 | OK | |
r-devel-linux-x86_64-fedora-clang | 0.1.3 | 152.00 | 157.32 | 309.32 | OK | |
r-devel-linux-x86_64-fedora-gcc | 0.1.3 | 308.00 | 97.22 | 405.22 | OK | |
r-devel-windows-x86_64 | 0.1.3 | 88.00 | 151.00 | 239.00 | OK | |
r-patched-linux-x86_64 | 0.1.3 | 95.59 | 120.93 | 216.52 | OK | |
r-release-linux-x86_64 | 0.1.3 | 91.44 | 121.71 | 213.15 | OK | |
r-release-macos-arm64 | 0.1.3 | 37.00 | 75.00 | 112.00 | OK | |
r-release-macos-x86_64 | 0.1.3 | 89.00 | 116.00 | 205.00 | OK | |
r-release-windows-x86_64 | 0.1.3 | 85.00 | 158.00 | 243.00 | OK | |
r-oldrel-macos-arm64 | 0.1.3 | 22.00 | 218.00 | 240.00 | NOTE | |
r-oldrel-macos-x86_64 | 0.1.3 | 45.00 | 256.00 | 301.00 | NOTE | |
r-oldrel-windows-x86_64 | 0.1.3 | 107.00 | 196.00 | 303.00 | NOTE |
Version: 0.1.3
Check: installed package size
Result: NOTE
installed size is 45.0Mb
sub-directories of 1Mb or more:
libs 43.9Mb
Flavors: r-oldrel-macos-arm64, r-oldrel-macos-x86_64, r-oldrel-windows-x86_64
These binaries (installable software) and packages are in development.
They may not be fully stable and should be used with caution. We make no claims about them.