CRAN Package Check Results for Package BayesGrowth

Last updated on 2025-05-21 21:49:10 CEST.

Flavor Version Tinstall Tcheck Ttotal Status Flags
r-devel-linux-x86_64-debian-clang 1.0.0 305.38 206.83 512.21 OK
r-devel-linux-x86_64-debian-gcc 1.0.0 286.52 169.25 455.77 OK
r-devel-linux-x86_64-fedora-clang 1.0.0 808.20 OK
r-devel-linux-x86_64-fedora-gcc 1.0.0 1083.95 OK
r-devel-windows-x86_64 1.0.0 351.00 229.00 580.00 OK
r-patched-linux-x86_64 1.0.0 372.07 222.91 594.98 OK
r-release-linux-x86_64 1.0.0 365.25 223.76 589.01 OK
r-release-macos-arm64 1.0.0 230.00 OK
r-release-macos-x86_64 1.0.0 342.00 OK
r-release-windows-x86_64 1.0.0 359.00 232.00 591.00 OK
r-oldrel-macos-arm64 1.0.0 115.00 NOTE
r-oldrel-macos-x86_64 1.0.0 149.00 NOTE
r-oldrel-windows-x86_64 1.0.0 395.00 288.00 683.00 NOTE

Check Details

Version: 1.0.0
Check: installed package size
Result: NOTE installed size is 54.2Mb sub-directories of 1Mb or more: libs 52.7Mb Flavors: r-oldrel-macos-arm64, r-oldrel-macos-x86_64

Version: 1.0.0
Check: for GNU extensions in Makefiles
Result: NOTE GNU make is a SystemRequirements. Flavors: r-oldrel-macos-arm64, r-oldrel-macos-x86_64, r-oldrel-windows-x86_64

These binaries (installable software) and packages are in development.
They may not be fully stable and should be used with caution. We make no claims about them.