Last updated on 2025-07-22 19:51:43 CEST.
Flavor | Version | Tinstall | Tcheck | Ttotal | Status | Flags |
---|---|---|---|---|---|---|
r-devel-linux-x86_64-debian-clang | 1.0.0 | 302.79 | 208.46 | 511.25 | OK | |
r-devel-linux-x86_64-debian-gcc | 1.0.0 | 271.31 | 166.18 | 437.49 | OK | |
r-devel-linux-x86_64-fedora-clang | 1.0.0 | 796.47 | OK | |||
r-devel-linux-x86_64-fedora-gcc | 1.0.0 | 992.86 | OK | |||
r-devel-windows-x86_64 | 1.0.0 | 341.00 | 219.00 | 560.00 | OK | |
r-patched-linux-x86_64 | 1.0.0 | 366.18 | 224.12 | 590.30 | OK | |
r-release-linux-x86_64 | 1.0.0 | 372.51 | 224.75 | 597.26 | OK | |
r-release-macos-arm64 | 1.0.0 | 230.00 | OK | |||
r-release-macos-x86_64 | 1.0.0 | 342.00 | OK | |||
r-release-windows-x86_64 | 1.0.0 | 347.00 | 229.00 | 576.00 | OK | |
r-oldrel-macos-arm64 | 1.0.0 | 115.00 | NOTE | |||
r-oldrel-macos-x86_64 | 1.0.0 | 149.00 | NOTE | |||
r-oldrel-windows-x86_64 | 1.0.0 | 386.00 | 290.00 | 676.00 | NOTE |
Version: 1.0.0
Check: installed package size
Result: NOTE
installed size is 54.2Mb
sub-directories of 1Mb or more:
libs 52.7Mb
Flavors: r-oldrel-macos-arm64, r-oldrel-macos-x86_64
Version: 1.0.0
Check: for GNU extensions in Makefiles
Result: NOTE
GNU make is a SystemRequirements.
Flavors: r-oldrel-macos-arm64, r-oldrel-macos-x86_64, r-oldrel-windows-x86_64
These binaries (installable software) and packages are in development.
They may not be fully stable and should be used with caution. We make no claims about them.