Last updated on 2025-02-16 10:50:42 CET.
Flavor | Version | Tinstall | Tcheck | Ttotal | Status | Flags |
---|---|---|---|---|---|---|
r-devel-linux-x86_64-debian-clang | 2.3 | 18.82 | 317.67 | 336.49 | OK | |
r-devel-linux-x86_64-debian-gcc | 2.3 | 12.80 | 162.04 | 174.84 | OK | |
r-devel-linux-x86_64-fedora-clang | 2.3 | 499.09 | OK | |||
r-devel-linux-x86_64-fedora-gcc | 2.3 | 397.49 | OK | |||
r-devel-macos-arm64 | 2.3 | 14.00 | ERROR | |||
r-devel-macos-x86_64 | 2.3 | 439.00 | OK | |||
r-devel-windows-x86_64 | 2.3 | 17.00 | 227.00 | 244.00 | OK | |
r-patched-linux-x86_64 | 2.3 | 18.98 | 219.44 | 238.42 | OK | |
r-release-linux-x86_64 | 2.3 | 18.85 | 219.45 | 238.30 | OK | |
r-release-macos-arm64 | 2.3 | 117.00 | OK | |||
r-release-macos-x86_64 | 2.3 | 287.00 | OK | |||
r-release-windows-x86_64 | 2.3 | 18.00 | 231.00 | 249.00 | OK | |
r-oldrel-macos-arm64 | 2.3 | 217.00 | OK | |||
r-oldrel-macos-x86_64 | 2.3 | 888.00 | OK | |||
r-oldrel-windows-x86_64 | 2.3 | 20.00 | 309.00 | 329.00 | OK |
Version: 2.3
Check: package dependencies
Result: ERROR
Package required but not available: ‘org.Hs.eg.db’
See section ‘The DESCRIPTION file’ in the ‘Writing R Extensions’
manual.
Flavor: r-devel-macos-arm64
These binaries (installable software) and packages are in development.
They may not be fully stable and should be used with caution. We make no claims about them.