CRAN Package Check Results for Package BiSEp

Last updated on 2025-10-30 23:50:02 CET.

Flavor Version Tinstall Tcheck Ttotal Status Flags
r-devel-linux-x86_64-debian-clang 2.3 18.18 320.71 338.89 NOTE
r-devel-linux-x86_64-debian-gcc 2.3 12.46 164.39 176.85 NOTE
r-devel-linux-x86_64-fedora-clang 2.3 41.00 453.86 494.86 OK
r-devel-linux-x86_64-fedora-gcc 2.3 90.00 347.66 437.66 OK
r-devel-windows-x86_64 2.3 17.00 228.00 245.00 OK
r-patched-linux-x86_64 2.3 19.38 233.12 252.50 OK
r-release-linux-x86_64 2.3 17.89 217.32 235.21 OK
r-release-macos-arm64 2.3 36.00 ERROR
r-release-macos-x86_64 2.3 29.00 241.00 270.00 OK
r-release-windows-x86_64 2.3 18.00 233.00 251.00 OK
r-oldrel-macos-arm64 2.3 7.00 110.00 117.00 OK
r-oldrel-macos-x86_64 2.3 12.00 275.00 287.00 OK
r-oldrel-windows-x86_64 2.3 19.00 294.00 313.00 OK

Check Details

Version: 2.3
Check: CRAN incoming feasibility
Result: NOTE Maintainer: ‘Mark Wappett <m.wappett@qub.ac.uk>’ No Authors@R field in DESCRIPTION. Please add one, modifying Authors@R: person(given = "Mark", family = "Wappett", role = c("aut", "cre"), email = "m.wappett@qub.ac.uk") as necessary. Flavors: r-devel-linux-x86_64-debian-clang, r-devel-linux-x86_64-debian-gcc

Version: 2.3
Check: package dependencies
Result: ERROR Package required but not available: ‘org.Hs.eg.db’ See section ‘The DESCRIPTION file’ in the ‘Writing R Extensions’ manual. Flavor: r-release-macos-arm64

These binaries (installable software) and packages are in development.
They may not be fully stable and should be used with caution. We make no claims about them.