Last updated on 2025-10-24 05:50:33 CEST.
| Flavor | Version | Tinstall | Tcheck | Ttotal | Status | Flags |
|---|---|---|---|---|---|---|
| r-devel-linux-x86_64-debian-clang | 1.0.0 | 27.18 | 105.84 | 133.02 | NOTE | |
| r-devel-linux-x86_64-debian-gcc | 1.0.0 | 19.91 | 73.77 | 93.68 | NOTE | |
| r-devel-linux-x86_64-fedora-clang | 1.0.0 | 49.00 | 157.23 | 206.23 | NOTE | |
| r-devel-linux-x86_64-fedora-gcc | 1.0.0 | 61.00 | 154.62 | 215.62 | NOTE | |
| r-devel-windows-x86_64 | 1.0.0 | 33.00 | 127.00 | 160.00 | NOTE | |
| r-patched-linux-x86_64 | 1.0.0 | 27.82 | 95.51 | 123.33 | NOTE | |
| r-release-linux-x86_64 | 1.0.0 | 28.73 | 94.56 | 123.29 | NOTE | |
| r-release-macos-arm64 | 1.0.0 | 15.00 | 60.00 | 75.00 | NOTE | |
| r-release-macos-x86_64 | 1.0.0 | 18.00 | 115.00 | 133.00 | NOTE | |
| r-release-windows-x86_64 | 1.0.0 | 34.00 | 129.00 | 163.00 | NOTE | |
| r-oldrel-macos-arm64 | 1.0.0 | 13.00 | 57.00 | 70.00 | NOTE | |
| r-oldrel-macos-x86_64 | 1.0.0 | 16.00 | 86.00 | 102.00 | NOTE | |
| r-oldrel-windows-x86_64 | 1.0.0 | 39.00 | 162.00 | 201.00 | NOTE |
Version: 1.0.0
Check: C++ specification
Result: NOTE
Specified C++11: please drop specification unless essential
Flavors: r-devel-linux-x86_64-debian-clang, r-devel-linux-x86_64-debian-gcc, r-devel-linux-x86_64-fedora-clang, r-devel-linux-x86_64-fedora-gcc, r-devel-windows-x86_64, r-patched-linux-x86_64, r-release-linux-x86_64, r-release-macos-arm64, r-release-macos-x86_64, r-release-windows-x86_64, r-oldrel-macos-arm64, r-oldrel-macos-x86_64, r-oldrel-windows-x86_64
Version: 1.0.0
Check: LazyData
Result: NOTE
'LazyData' is specified without a 'data' directory
Flavors: r-oldrel-macos-arm64, r-oldrel-macos-x86_64, r-oldrel-windows-x86_64
These binaries (installable software) and packages are in development.
They may not be fully stable and should be used with caution. We make no claims about them.