Last updated on 2025-07-02 23:49:39 CEST.
Flavor | Version | Tinstall | Tcheck | Ttotal | Status | Flags |
---|---|---|---|---|---|---|
r-devel-linux-x86_64-debian-clang | 1.0.0 | 26.71 | 102.31 | 129.02 | NOTE | |
r-devel-linux-x86_64-debian-gcc | 1.0.0 | 18.84 | 74.25 | 93.09 | NOTE | |
r-devel-linux-x86_64-fedora-clang | 1.0.0 | 207.32 | NOTE | |||
r-devel-linux-x86_64-fedora-gcc | 1.0.0 | 212.41 | NOTE | |||
r-devel-windows-x86_64 | 1.0.0 | 31.00 | 125.00 | 156.00 | NOTE | |
r-patched-linux-x86_64 | 1.0.0 | 29.76 | 95.00 | 124.76 | NOTE | |
r-release-linux-x86_64 | 1.0.0 | 26.73 | 92.43 | 119.16 | NOTE | |
r-release-macos-arm64 | 1.0.0 | 75.00 | NOTE | |||
r-release-macos-x86_64 | 1.0.0 | 133.00 | NOTE | |||
r-release-windows-x86_64 | 1.0.0 | 36.00 | 124.00 | 160.00 | NOTE | |
r-oldrel-macos-arm64 | 1.0.0 | 70.00 | NOTE | |||
r-oldrel-macos-x86_64 | 1.0.0 | 102.00 | NOTE | |||
r-oldrel-windows-x86_64 | 1.0.0 | 41.00 | 158.00 | 199.00 | NOTE |
Version: 1.0.0
Check: C++ specification
Result: NOTE
Specified C++11: please drop specification unless essential
Flavors: r-devel-linux-x86_64-debian-clang, r-devel-linux-x86_64-debian-gcc, r-devel-linux-x86_64-fedora-clang, r-devel-linux-x86_64-fedora-gcc, r-devel-windows-x86_64, r-patched-linux-x86_64, r-release-linux-x86_64, r-release-macos-arm64, r-release-macos-x86_64, r-release-windows-x86_64, r-oldrel-macos-arm64, r-oldrel-macos-x86_64, r-oldrel-windows-x86_64
Version: 1.0.0
Check: LazyData
Result: NOTE
'LazyData' is specified without a 'data' directory
Flavors: r-oldrel-macos-arm64, r-oldrel-macos-x86_64, r-oldrel-windows-x86_64
These binaries (installable software) and packages are in development.
They may not be fully stable and should be used with caution. We make no claims about them.