CRAN Package Check Results for Package BioCircos

Last updated on 2025-07-19 09:48:24 CEST.

Flavor Version Tinstall Tcheck Ttotal Status Flags
r-devel-linux-x86_64-debian-clang 0.3.4 3.08 38.41 41.49 OK
r-devel-linux-x86_64-debian-gcc 0.3.4 2.56 29.76 32.32 OK
r-devel-linux-x86_64-fedora-clang 0.3.4 68.36 OK
r-devel-linux-x86_64-fedora-gcc 0.3.4 76.93 OK
r-devel-windows-x86_64 0.3.4 5.00 57.00 62.00 OK
r-patched-linux-x86_64 0.3.4 3.71 36.02 39.73 OK
r-release-linux-x86_64 0.3.4 3.08 36.18 39.26 OK
r-release-macos-arm64 0.3.4 48.00 OK
r-release-macos-x86_64 0.3.4 51.00 OK
r-release-windows-x86_64 0.3.4 5.00 57.00 62.00 OK
r-oldrel-macos-arm64 0.3.4 30.00 NOTE
r-oldrel-macos-x86_64 0.3.4 47.00 NOTE
r-oldrel-windows-x86_64 0.3.4 7.00 68.00 75.00 NOTE

Check Details

Version: 0.3.4
Check: LazyData
Result: NOTE 'LazyData' is specified without a 'data' directory Flavors: r-oldrel-macos-arm64, r-oldrel-macos-x86_64, r-oldrel-windows-x86_64

These binaries (installable software) and packages are in development.
They may not be fully stable and should be used with caution. We make no claims about them.