Last updated on 2025-02-02 14:48:19 CET.
Flavor | Version | Tinstall | Tcheck | Ttotal | Status | Flags |
---|---|---|---|---|---|---|
r-devel-linux-x86_64-debian-clang | 0.3.4 | 3.46 | 37.42 | 40.88 | OK | |
r-devel-linux-x86_64-debian-gcc | 0.3.4 | 2.60 | 29.16 | 31.76 | OK | |
r-devel-linux-x86_64-fedora-clang | 0.3.4 | 67.83 | OK | |||
r-devel-linux-x86_64-fedora-gcc | 0.3.4 | 76.72 | OK | |||
r-devel-windows-x86_64 | 0.3.4 | 6.00 | 59.00 | 65.00 | OK | |
r-patched-linux-x86_64 | 0.3.4 | 3.79 | 35.82 | 39.61 | NOTE | |
r-release-linux-x86_64 | 0.3.4 | 2.56 | 35.87 | 38.43 | NOTE | |
r-release-macos-arm64 | 0.3.4 | 30.00 | NOTE | |||
r-release-macos-x86_64 | 0.3.4 | 47.00 | NOTE | |||
r-release-windows-x86_64 | 0.3.4 | 5.00 | 59.00 | 64.00 | NOTE | |
r-oldrel-macos-arm64 | 0.3.4 | 30.00 | NOTE | |||
r-oldrel-macos-x86_64 | 0.3.4 | 47.00 | NOTE | |||
r-oldrel-windows-x86_64 | 0.3.4 | 6.00 | 64.00 | 70.00 | NOTE |
Version: 0.3.4
Check: LazyData
Result: NOTE
'LazyData' is specified without a 'data' directory
Flavors: r-patched-linux-x86_64, r-release-linux-x86_64, r-release-macos-arm64, r-release-macos-x86_64, r-release-windows-x86_64, r-oldrel-macos-arm64, r-oldrel-macos-x86_64, r-oldrel-windows-x86_64
These binaries (installable software) and packages are in development.
They may not be fully stable and should be used with caution. We make no claims about them.