CRAN Package Check Results for Package BioCircos

Last updated on 2025-11-14 21:49:53 CET.

Flavor Version Tinstall Tcheck Ttotal Status Flags
r-devel-linux-x86_64-debian-clang 0.3.4 3.05 39.50 42.55 OK
r-devel-linux-x86_64-debian-gcc 0.3.4 2.60 30.37 32.97 OK
r-devel-linux-x86_64-fedora-clang 0.3.4 65.82 OK
r-devel-linux-x86_64-fedora-gcc 0.3.4 78.02 OK
r-devel-windows-x86_64 0.3.4 8.00 55.00 63.00 OK
r-patched-linux-x86_64 0.3.4 3.16 37.84 41.00 OK
r-release-linux-x86_64 0.3.4 2.62 37.44 40.06 OK
r-release-macos-arm64 0.3.4 2.00 46.00 48.00 OK
r-release-macos-x86_64 0.3.4 3.00 48.00 51.00 OK
r-release-windows-x86_64 0.3.4 6.00 55.00 61.00 OK
r-oldrel-macos-arm64 0.3.4 2.00 28.00 30.00 NOTE
r-oldrel-macos-x86_64 0.3.4 2.00 45.00 47.00 NOTE
r-oldrel-windows-x86_64 0.3.4 7.00 68.00 75.00 NOTE

Check Details

Version: 0.3.4
Check: LazyData
Result: NOTE 'LazyData' is specified without a 'data' directory Flavors: r-oldrel-macos-arm64, r-oldrel-macos-x86_64, r-oldrel-windows-x86_64

These binaries (installable software) and packages are in development.
They may not be fully stable and should be used with caution. We make no claims about them.