Last updated on 2025-05-01 10:50:06 CEST.
Flavor | Version | Tinstall | Tcheck | Ttotal | Status | Flags |
---|---|---|---|---|---|---|
r-devel-linux-x86_64-debian-clang | 3.7.2 | 49.36 | 669.02 | 718.38 | NOTE | |
r-devel-linux-x86_64-debian-gcc | 3.7.2 | 55.15 | 511.51 | 566.66 | NOTE | |
r-devel-linux-x86_64-fedora-clang | 3.7.2 | 1243.75 | NOTE | |||
r-devel-linux-x86_64-fedora-gcc | 3.7.2 | 1173.39 | NOTE | |||
r-devel-windows-x86_64 | 3.7.2 | 74.00 | 570.00 | 644.00 | OK | |
r-patched-linux-x86_64 | 3.7.2 | 68.35 | 634.95 | 703.30 | OK | |
r-release-linux-x86_64 | OK | |||||
r-release-macos-arm64 | 3.7.2 | 310.00 | OK | |||
r-release-macos-x86_64 | 3.7.2 | 810.00 | OK | |||
r-release-windows-x86_64 | 3.7.2 | 74.00 | 572.00 | 646.00 | OK | |
r-oldrel-macos-arm64 | 3.7.2 | 332.00 | NOTE | |||
r-oldrel-macos-x86_64 | 3.7.2 | 516.00 | NOTE | |||
r-oldrel-windows-x86_64 | 3.7.2 | 93.00 | 788.00 | 881.00 | NOTE |
Version: 3.7.2
Check: CRAN incoming feasibility
Result: NOTE
Maintainer: ‘James Dalgleish <james.dalgleish@nih.gov>’
No Authors@R field in DESCRIPTION.
Please add one, modifying
Authors@R: c(person(given = "James",
family = "Dalgeish",
role = "aut"),
person(given = "Yonghong",
family = "Wang",
role = "aut"),
person(given = "Jack",
family = "Zhu",
role = "aut"),
person(given = "Paul",
family = "Meltzer",
role = "aut"),
person(given = "James",
family = "Dalgleish",
role = "cre",
email = "james.dalgleish@nih.gov"))
as necessary.
Flavors: r-devel-linux-x86_64-debian-clang, r-devel-linux-x86_64-debian-gcc
Version: 3.7.2
Check: examples
Result: NOTE
Examples with CPU (user + system) or elapsed time > 5s
user system elapsed
writeMeltedChromosomalMatrixToDisk 5.502 0.185 6.09
Flavor: r-devel-linux-x86_64-debian-clang
Version: 3.7.2
Check: examples
Result: NA
user system elapsed
writeMeltedChromosomalMatrixToDisk 3.951 0.176 5.084
OK
Flavor: r-devel-linux-x86_64-debian-gcc
Version: 3.7.2
Check: dependencies in R code
Result: NOTE
Namespace in Imports field not imported from: 'Hmisc'
All declared Imports should be used.
Flavors: r-devel-linux-x86_64-fedora-clang, r-devel-linux-x86_64-fedora-gcc
Version: 3.7.2
Check: package dependencies
Result: NOTE
Package suggested but not available for checking: ‘BSgenome.Hsapiens.UCSC.hg19’
Flavors: r-oldrel-macos-arm64, r-oldrel-macos-x86_64
Version: 3.7.2
Check: installed package size
Result: NOTE
installed size is 5.2Mb
sub-directories of 1Mb or more:
doc 3.2Mb
extdata 1.7Mb
Flavors: r-oldrel-macos-arm64, r-oldrel-macos-x86_64, r-oldrel-windows-x86_64
These binaries (installable software) and packages are in development.
They may not be fully stable and should be used with caution. We make no claims about them.