Last updated on 2025-10-23 23:49:25 CEST.
| Flavor | Version | Tinstall | Tcheck | Ttotal | Status | Flags |
|---|---|---|---|---|---|---|
| r-devel-linux-x86_64-debian-clang | 2.2 | 2.82 | 30.35 | 33.17 | NOTE | |
| r-devel-linux-x86_64-debian-gcc | 2.2 | 1.97 | 24.52 | 26.49 | NOTE | |
| r-devel-linux-x86_64-fedora-clang | 2.2 | 47.20 | OK | |||
| r-devel-linux-x86_64-fedora-gcc | 2.2 | 46.80 | OK | |||
| r-devel-windows-x86_64 | 2.2 | 4.00 | 55.00 | 59.00 | OK | |
| r-patched-linux-x86_64 | 2.2 | 2.83 | 29.11 | 31.94 | OK | |
| r-release-linux-x86_64 | 2.2 | 2.28 | 29.23 | 31.51 | OK | |
| r-release-macos-arm64 | 2.2 | 2.00 | 22.00 | 24.00 | OK | |
| r-release-macos-x86_64 | 2.2 | 3.00 | 50.00 | 53.00 | OK | |
| r-release-windows-x86_64 | 2.2 | 4.00 | 56.00 | 60.00 | OK | |
| r-oldrel-macos-arm64 | 2.2 | 1.00 | 22.00 | 23.00 | OK | |
| r-oldrel-macos-x86_64 | 2.2 | 2.00 | 30.00 | 32.00 | OK | |
| r-oldrel-windows-x86_64 | 2.2 | 7.00 | 65.00 | 72.00 | OK |
Version: 2.2
Check: CRAN incoming feasibility
Result: NOTE
Maintainer: ‘Guoli Sun <guolisun87@gmail.com>’
No Authors@R field in DESCRIPTION.
Please add one, modifying
Authors@R: c(person(given = "Alex",
family = "Krasnitz",
role = "aut"),
person(given = "Guoli",
family = "Sun",
role = c("aut", "cre"),
email = "guolisun87@gmail.com"))
as necessary.
Flavors: r-devel-linux-x86_64-debian-clang, r-devel-linux-x86_64-debian-gcc
These binaries (installable software) and packages are in development.
They may not be fully stable and should be used with caution. We make no claims about them.