Last updated on 2025-05-01 10:50:06 CEST.
Flavor | Version | Tinstall | Tcheck | Ttotal | Status | Flags |
---|---|---|---|---|---|---|
r-devel-linux-x86_64-debian-clang | 2.2 | 3.05 | 29.06 | 32.11 | NOTE | |
r-devel-linux-x86_64-debian-gcc | 2.2 | 2.23 | 23.26 | 25.49 | NOTE | |
r-devel-linux-x86_64-fedora-clang | 2.2 | 46.54 | OK | |||
r-devel-linux-x86_64-fedora-gcc | 2.2 | 48.28 | OK | |||
r-devel-windows-x86_64 | 2.2 | 4.00 | 60.00 | 64.00 | OK | |
r-patched-linux-x86_64 | 2.2 | 2.72 | 27.77 | 30.49 | OK | |
r-release-linux-x86_64 | OK | |||||
r-release-macos-arm64 | 2.2 | 24.00 | OK | |||
r-release-macos-x86_64 | 2.2 | 53.00 | OK | |||
r-release-windows-x86_64 | 2.2 | 4.00 | 64.00 | 68.00 | OK | |
r-oldrel-macos-arm64 | 2.2 | 23.00 | OK | |||
r-oldrel-macos-x86_64 | 2.2 | 32.00 | OK | |||
r-oldrel-windows-x86_64 | 2.2 | 4.00 | 59.00 | 63.00 | OK |
Version: 2.2
Check: CRAN incoming feasibility
Result: NOTE
Maintainer: ‘Guoli Sun <guolisun87@gmail.com>’
No Authors@R field in DESCRIPTION.
Please add one, modifying
Authors@R: c(person(given = "Alex",
family = "Krasnitz",
role = "aut"),
person(given = "Guoli",
family = "Sun",
role = c("aut", "cre"),
email = "guolisun87@gmail.com"))
as necessary.
Flavors: r-devel-linux-x86_64-debian-clang, r-devel-linux-x86_64-debian-gcc
These binaries (installable software) and packages are in development.
They may not be fully stable and should be used with caution. We make no claims about them.