Last updated on 2024-07-27 15:50:13 CEST.
Flavor | Version | Tinstall | Tcheck | Ttotal | Status | Flags |
---|---|---|---|---|---|---|
r-devel-linux-x86_64-debian-clang | 0.2.5 | 20.73 | 304.00 | 324.73 | OK | |
r-devel-linux-x86_64-debian-gcc | 0.2.5 | OK | ||||
r-devel-linux-x86_64-fedora-clang | 0.2.5 | 426.12 | OK | |||
r-devel-linux-x86_64-fedora-gcc | 0.2.5 | 436.99 | OK | |||
r-devel-windows-x86_64 | 0.2.5 | 18.00 | 227.00 | 245.00 | OK | |
r-patched-linux-x86_64 | 0.2.5 | OK | ||||
r-release-linux-x86_64 | 0.2.5 | 17.90 | 305.06 | 322.96 | OK | |
r-release-macos-arm64 | 0.2.5 | 133.00 | NOTE | |||
r-release-macos-x86_64 | 0.2.5 | 193.00 | OK | |||
r-release-windows-x86_64 | 0.2.5 | 18.00 | 233.00 | 251.00 | OK | |
r-oldrel-macos-arm64 | 0.2.5 | 147.00 | NOTE | |||
r-oldrel-macos-x86_64 | 0.2.5 | 352.00 | NOTE | |||
r-oldrel-windows-x86_64 | 0.2.5 | 23.00 | 319.00 | 342.00 | OK |
Version: 0.2.5
Check: package dependencies
Result: NOTE
Package suggested but not available for checking: ‘batchelor’
Flavors: r-release-macos-arm64, r-oldrel-macos-arm64, r-oldrel-macos-x86_64
These binaries (installable software) and packages are in development.
They may not be fully stable and should be used with caution. We make no claims about them.