CRAN Package Check Results for Package Canek

Last updated on 2025-07-25 01:49:23 CEST.

Flavor Version Tinstall Tcheck Ttotal Status Flags
r-devel-linux-x86_64-debian-clang 0.2.5 18.01 234.57 252.58 OK
r-devel-linux-x86_64-debian-gcc 0.2.5 12.00 168.93 180.93 OK
r-devel-linux-x86_64-fedora-clang 0.2.5 400.95 OK
r-devel-linux-x86_64-fedora-gcc 0.2.5 427.82 OK
r-devel-windows-x86_64 0.2.5 18.00 226.00 244.00 OK
r-patched-linux-x86_64 0.2.5 16.93 227.73 244.66 OK
r-release-linux-x86_64 0.2.5 15.77 234.50 250.27 OK
r-release-macos-arm64 0.2.5 140.00 OK
r-release-macos-x86_64 0.2.5 300.00 OK
r-release-windows-x86_64 0.2.5 19.00 223.00 242.00 OK
r-oldrel-macos-arm64 0.2.5 133.00 NOTE
r-oldrel-macos-x86_64 0.2.5 193.00 OK
r-oldrel-windows-x86_64 0.2.5 24.00 314.00 338.00 OK

Check Details

Version: 0.2.5
Check: package dependencies
Result: NOTE Package suggested but not available for checking: ‘batchelor’ Flavor: r-oldrel-macos-arm64

These binaries (installable software) and packages are in development.
They may not be fully stable and should be used with caution. We make no claims about them.