Last updated on 2025-05-01 10:50:05 CEST.
Flavor | Version | Tinstall | Tcheck | Ttotal | Status | Flags |
---|---|---|---|---|---|---|
r-devel-linux-x86_64-debian-clang | 0.2.5 | 19.15 | 238.81 | 257.96 | NOTE | |
r-devel-linux-x86_64-debian-gcc | 0.2.5 | 12.97 | 173.95 | 186.92 | OK | |
r-devel-linux-x86_64-fedora-clang | 0.2.5 | 425.98 | OK | |||
r-devel-linux-x86_64-fedora-gcc | 0.2.5 | 433.65 | OK | |||
r-devel-windows-x86_64 | 0.2.5 | 18.00 | 225.00 | 243.00 | OK | |
r-patched-linux-x86_64 | 0.2.5 | 15.86 | 232.98 | 248.84 | OK | |
r-release-linux-x86_64 | OK | |||||
r-release-macos-arm64 | 0.2.5 | 140.00 | OK | |||
r-release-macos-x86_64 | 0.2.5 | 300.00 | OK | |||
r-release-windows-x86_64 | 0.2.5 | 20.00 | 228.00 | 248.00 | OK | |
r-oldrel-macos-arm64 | 0.2.5 | 133.00 | NOTE | |||
r-oldrel-macos-x86_64 | 0.2.5 | 193.00 | OK | |||
r-oldrel-windows-x86_64 | 0.2.5 | 22.00 | 320.00 | 342.00 | OK |
Version: 0.2.5
Check: examples
Result: NOTE
Examples with CPU (user + system) or elapsed time > 5s
user system elapsed
CorrectBatch 5.480 0.098 8.114
CorrectBatches 4.606 0.085 5.992
Flavor: r-devel-linux-x86_64-debian-clang
Version: 0.2.5
Check: examples
Result: NA
user system elapsed
CorrectBatch 5.324 0.086 6.341
CorrectBatches 4.572 0.055 5.305
OK
Flavor: r-devel-linux-x86_64-debian-gcc
Version: 0.2.5
Check: package dependencies
Result: NOTE
Package suggested but not available for checking: ‘batchelor’
Flavor: r-oldrel-macos-arm64
These binaries (installable software) and packages are in development.
They may not be fully stable and should be used with caution. We make no claims about them.