Last updated on 2025-11-11 17:49:54 CET.
| Flavor | Version | Tinstall | Tcheck | Ttotal | Status | Flags |
|---|---|---|---|---|---|---|
| r-devel-linux-x86_64-debian-clang | 2.3.0 | 13.87 | 112.92 | 126.79 | NOTE | |
| r-devel-linux-x86_64-debian-gcc | 2.3.0 | 9.23 | 83.69 | 92.92 | NOTE | |
| r-devel-linux-x86_64-fedora-clang | 2.3.0 | 74.00 | 135.30 | 209.30 | OK | |
| r-devel-linux-x86_64-fedora-gcc | 2.3.0 | 27.00 | 157.20 | 184.20 | OK | |
| r-devel-windows-x86_64 | 2.3.0 | 14.00 | 114.00 | 128.00 | OK | |
| r-patched-linux-x86_64 | 2.3.0 | 11.65 | 107.52 | 119.17 | OK | |
| r-release-linux-x86_64 | 2.3.0 | 12.66 | 107.88 | 120.54 | OK | |
| r-release-macos-arm64 | 2.3.0 | 6.00 | 46.00 | 52.00 | OK | |
| r-release-macos-x86_64 | 2.3.0 | 26.00 | 104.00 | 130.00 | OK | |
| r-release-windows-x86_64 | 2.3.0 | 14.00 | 109.00 | 123.00 | OK | |
| r-oldrel-macos-arm64 | 2.3.0 | 5.00 | 45.00 | 50.00 | OK | |
| r-oldrel-macos-x86_64 | 2.3.0 | 18.00 | ERROR | |||
| r-oldrel-windows-x86_64 | 2.3.0 | 15.00 | 126.00 | 141.00 | OK |
Version: 2.3.0
Check: CRAN incoming feasibility
Result: NOTE
Maintainer: ‘Florencia I. Pozzi <florenciapoz@hotmail.com>’
No Authors@R field in DESCRIPTION.
Please add one, modifying
Authors@R: c(person(given = c("Florencia", "I."),
family = "Pozzi",
role = c("aut", "cre"),
email = "florenciapoz@hotmail.com"),
person(given = c("Silvina", "A."),
family = "Felitti",
role = "aut"))
as necessary.
Flavors: r-devel-linux-x86_64-debian-clang, r-devel-linux-x86_64-debian-gcc
Version: 2.3.0
Check: package dependencies
Result: ERROR
Package required but not available: ‘pwalign’
See section ‘The DESCRIPTION file’ in the ‘Writing R Extensions’
manual.
Flavor: r-oldrel-macos-x86_64
These binaries (installable software) and packages are in development.
They may not be fully stable and should be used with caution. We make no claims about them.