CRAN Package Check Results for Package Cleanet

Last updated on 2025-10-03 01:49:40 CEST.

Flavor Version Tinstall Tcheck Ttotal Status Flags
r-devel-linux-x86_64-debian-clang 1.0.0 26.29 106.68 132.97 OK
r-devel-linux-x86_64-debian-gcc 1.0.0 14.77 73.18 87.95 OK
r-devel-linux-x86_64-fedora-clang 1.0.0 210.75 OK
r-devel-linux-x86_64-fedora-gcc 1.0.0 208.32 OK
r-devel-windows-x86_64 1.0.0 34.00 127.00 161.00 OK
r-patched-linux-x86_64 1.0.0 25.98 101.59 127.57 OK
r-release-linux-x86_64 1.0.0 24.43 101.35 125.78 OK
r-release-macos-arm64 1.0.0 66.00 OK
r-release-macos-x86_64 1.0.0 122.00 OK
r-release-windows-x86_64 1.0.0 29.00 126.00 155.00 OK
r-oldrel-macos-arm64 1.0.0 65.00 NOTE
r-oldrel-macos-x86_64 1.0.0 106.00 NOTE
r-oldrel-windows-x86_64 1.0.0 41.00 159.00 200.00 NOTE

Check Details

Version: 1.0.0
Check: installed package size
Result: NOTE installed size is 6.5Mb sub-directories of 1Mb or more: extdata 5.3Mb Flavors: r-oldrel-macos-arm64, r-oldrel-macos-x86_64, r-oldrel-windows-x86_64

These binaries (installable software) and packages are in development.
They may not be fully stable and should be used with caution. We make no claims about them.