Last updated on 2025-05-08 04:52:02 CEST.
Flavor | Version | Tinstall | Tcheck | Ttotal | Status | Flags |
---|---|---|---|---|---|---|
r-devel-linux-x86_64-debian-clang | 3.5.1 | 196.57 | 111.88 | 308.45 | OK | |
r-devel-linux-x86_64-debian-gcc | 3.5.1 | 164.24 | 81.45 | 245.69 | OK | |
r-devel-linux-x86_64-fedora-clang | 3.5.1 | 630.63 | OK | |||
r-devel-linux-x86_64-fedora-gcc | 3.5.1 | 729.67 | OK | |||
r-devel-windows-x86_64 | 3.5.1 | 253.00 | 158.00 | 411.00 | OK | |
r-patched-linux-x86_64 | 3.5.1 | 230.44 | 108.12 | 338.56 | OK | |
r-release-linux-x86_64 | 3.5.1 | 232.36 | 108.34 | 340.70 | OK | |
r-release-macos-arm64 | 3.5.1 | 105.00 | OK | |||
r-release-macos-x86_64 | 3.5.1 | 218.00 | OK | |||
r-release-windows-x86_64 | 3.5.1 | 255.00 | 159.00 | 414.00 | OK | |
r-oldrel-macos-arm64 | 3.5.1 | 134.00 | NOTE | |||
r-oldrel-macos-x86_64 | 3.5.1 | 206.00 | NOTE | |||
r-oldrel-windows-x86_64 | 3.5.1 | 301.00 | 208.00 | 509.00 | OK |
Version: 3.5.1
Check: installed package size
Result: NOTE
installed size is 28.9Mb
sub-directories of 1Mb or more:
libs 28.1Mb
Flavors: r-oldrel-macos-arm64, r-oldrel-macos-x86_64
These binaries (installable software) and packages are in development.
They may not be fully stable and should be used with caution. We make no claims about them.