Last updated on 2025-02-23 07:51:50 CET.
Flavor | Version | Tinstall | Tcheck | Ttotal | Status | Flags |
---|---|---|---|---|---|---|
r-devel-linux-x86_64-debian-clang | 3.5.0 | 187.24 | 109.32 | 296.56 | OK | |
r-devel-linux-x86_64-debian-gcc | 3.5.0 | 158.24 | 75.69 | 233.93 | OK | |
r-devel-linux-x86_64-fedora-clang | 3.5.0 | 553.17 | OK | |||
r-devel-linux-x86_64-fedora-gcc | 3.5.0 | 594.90 | OK | |||
r-devel-macos-arm64 | 3.5.0 | 141.00 | OK | |||
r-devel-macos-x86_64 | 3.5.0 | 267.00 | OK | |||
r-devel-windows-x86_64 | 3.5.0 | 224.00 | 160.00 | 384.00 | OK | |
r-patched-linux-x86_64 | 3.5.0 | 221.88 | 103.87 | 325.75 | OK | |
r-release-linux-x86_64 | 3.5.0 | 215.70 | 106.14 | 321.84 | OK | |
r-release-macos-arm64 | 3.5.0 | 76.00 | NOTE | |||
r-release-macos-x86_64 | 3.5.0 | 107.00 | NOTE | |||
r-release-windows-x86_64 | 3.5.0 | 217.00 | 157.00 | 374.00 | OK | |
r-oldrel-macos-arm64 | 3.5.0 | 136.00 | NOTE | |||
r-oldrel-macos-x86_64 | 3.5.0 | 196.00 | NOTE | |||
r-oldrel-windows-x86_64 | 3.5.0 | 279.00 | 203.00 | 482.00 | OK |
Version: 3.5.0
Check: installed package size
Result: NOTE
installed size is 27.8Mb
sub-directories of 1Mb or more:
libs 27.0Mb
Flavors: r-release-macos-arm64, r-release-macos-x86_64, r-oldrel-macos-arm64, r-oldrel-macos-x86_64
These binaries (installable software) and packages are in development.
They may not be fully stable and should be used with caution. We make no claims about them.