Last updated on 2025-02-02 14:48:20 CET.
Flavor | Version | Tinstall | Tcheck | Ttotal | Status | Flags |
---|---|---|---|---|---|---|
r-devel-linux-x86_64-debian-clang | 0.1.1 | 39.78 | 169.51 | 209.29 | NOTE | |
r-devel-linux-x86_64-debian-gcc | 0.1.1 | 27.74 | 123.70 | 151.44 | NOTE | |
r-devel-linux-x86_64-fedora-clang | 0.1.1 | 356.01 | OK | |||
r-devel-linux-x86_64-fedora-gcc | 0.1.1 | 365.27 | OK | |||
r-devel-windows-x86_64 | 0.1.1 | 41.00 | 178.00 | 219.00 | NOTE | |
r-patched-linux-x86_64 | 0.1.1 | 39.03 | 156.31 | 195.34 | OK | |
r-release-linux-x86_64 | 0.1.1 | 39.18 | 157.51 | 196.69 | OK | |
r-release-macos-arm64 | 0.1.1 | 119.00 | NOTE | |||
r-release-macos-x86_64 | 0.1.1 | 148.00 | NOTE | |||
r-release-windows-x86_64 | 0.1.1 | 39.00 | 173.00 | 212.00 | OK | |
r-oldrel-macos-arm64 | 0.1.1 | 111.00 | NOTE | |||
r-oldrel-macos-x86_64 | 0.1.1 | 177.00 | NOTE | |||
r-oldrel-windows-x86_64 | 0.1.1 | 47.00 | 225.00 | 272.00 | OK |
Version: 0.1.1
Check: Rd cross-references
Result: NOTE
Found the following Rd file(s) with Rd \link{} targets missing package
anchors:
rnaRaw.Rd: dgCMatrix-class
rnaVelo.Rd: dgCMatrix-class
Please provide package anchors for all Rd \link{} targets not in the
package itself and the base packages.
Flavors: r-devel-linux-x86_64-debian-clang, r-devel-linux-x86_64-debian-gcc, r-devel-windows-x86_64
Version: 0.1.1
Check: installed package size
Result: NOTE
installed size is 6.3Mb
sub-directories of 1Mb or more:
data 1.5Mb
doc 1.1Mb
libs 3.0Mb
Flavors: r-release-macos-arm64, r-release-macos-x86_64, r-oldrel-macos-arm64, r-oldrel-macos-x86_64
These binaries (installable software) and packages are in development.
They may not be fully stable and should be used with caution. We make no claims about them.