Last updated on 2025-07-27 05:48:28 CEST.
Flavor | Version | Tinstall | Tcheck | Ttotal | Status | Flags |
---|---|---|---|---|---|---|
r-devel-linux-x86_64-debian-clang | 0.2.0 | 39.82 | 200.41 | 240.23 | OK | |
r-devel-linux-x86_64-debian-gcc | 0.2.0 | 30.33 | 149.32 | 179.65 | OK | |
r-devel-linux-x86_64-fedora-clang | 0.2.0 | 383.74 | OK | |||
r-devel-linux-x86_64-fedora-gcc | 0.2.0 | 406.74 | OK | |||
r-devel-windows-x86_64 | 0.2.0 | 49.00 | 192.00 | 241.00 | OK | |
r-patched-linux-x86_64 | 0.2.0 | 44.75 | 188.77 | 233.52 | OK | |
r-release-linux-x86_64 | 0.2.0 | 38.36 | 186.18 | 224.54 | OK | |
r-release-macos-arm64 | 0.2.0 | 137.00 | OK | |||
r-release-macos-x86_64 | 0.2.0 | 248.00 | OK | |||
r-release-windows-x86_64 | 0.2.0 | 42.00 | 214.00 | 256.00 | OK | |
r-oldrel-macos-arm64 | 0.2.0 | 149.00 | NOTE | |||
r-oldrel-macos-x86_64 | 0.2.0 | 225.00 | NOTE | |||
r-oldrel-windows-x86_64 | 0.2.0 | 55.00 | 273.00 | 328.00 | OK |
Version: 0.2.0
Check: installed package size
Result: NOTE
installed size is 5.4Mb
sub-directories of 1Mb or more:
data 1.5Mb
libs 3.1Mb
Flavors: r-oldrel-macos-arm64, r-oldrel-macos-x86_64
These binaries (installable software) and packages are in development.
They may not be fully stable and should be used with caution. We make no claims about them.