CRAN Package Check Results for Package DAISIE

Last updated on 2025-07-25 03:51:20 CEST.

Flavor Version Tinstall Tcheck Ttotal Status Flags
r-devel-linux-x86_64-debian-clang 4.6.0 140.52 758.41 898.93 OK
r-devel-linux-x86_64-debian-gcc 4.6.0 84.81 481.92 566.73 OK
r-devel-linux-x86_64-fedora-clang 4.6.0 1554.18 OK
r-devel-linux-x86_64-fedora-gcc 4.6.0 1482.07 OK
r-devel-windows-x86_64 4.6.0 121.00 662.00 783.00 OK
r-patched-linux-x86_64 4.6.0 129.85 718.11 847.96 OK
r-release-linux-x86_64 4.6.0 120.13 757.39 877.52 OK
r-release-macos-arm64 4.6.0 294.00 OK
r-release-macos-x86_64 4.6.0 523.00 OK
r-release-windows-x86_64 4.6.0 123.00 670.00 793.00 OK
r-oldrel-macos-arm64 4.6.0 353.00 NOTE
r-oldrel-macos-x86_64 4.6.0 615.00 NOTE
r-oldrel-windows-x86_64 4.6.0 135.00 999.00 1134.00 NOTE

Check Details

Version: 4.6.0
Check: installed package size
Result: NOTE installed size is 39.0Mb sub-directories of 1Mb or more: libs 36.7Mb Flavors: r-oldrel-macos-arm64, r-oldrel-macos-x86_64

Version: 4.6.0
Check: package dependencies
Result: NOTE Package which this enhances but not available for checking: 'doMC' Flavor: r-oldrel-windows-x86_64

These binaries (installable software) and packages are in development.
They may not be fully stable and should be used with caution. We make no claims about them.