Last updated on 2025-05-01 10:50:07 CEST.
Flavor | Version | Tinstall | Tcheck | Ttotal | Status | Flags |
---|---|---|---|---|---|---|
r-devel-linux-x86_64-debian-clang | 4.5.0 | 127.55 | 526.01 | 653.56 | NOTE | |
r-devel-linux-x86_64-debian-gcc | 4.5.0 | 81.50 | 294.25 | 375.75 | OK | |
r-devel-linux-x86_64-fedora-clang | 4.5.0 | 1136.05 | OK | |||
r-devel-linux-x86_64-fedora-gcc | 4.5.0 | 958.03 | OK | |||
r-devel-windows-x86_64 | 4.5.0 | 111.00 | 429.00 | 540.00 | OK | |
r-patched-linux-x86_64 | 4.5.0 | 121.23 | 441.56 | 562.79 | OK | |
r-release-linux-x86_64 | OK | |||||
r-release-macos-arm64 | 4.5.0 | 263.00 | OK | |||
r-release-macos-x86_64 | 4.5.0 | 559.00 | OK | |||
r-release-windows-x86_64 | 4.5.0 | 113.00 | 457.00 | 570.00 | OK | |
r-oldrel-macos-arm64 | 4.5.0 | 262.00 | NOTE | |||
r-oldrel-macos-x86_64 | 4.5.0 | 602.00 | NOTE | |||
r-oldrel-windows-x86_64 | 4.5.0 | 122.00 | 676.00 | 798.00 | NOTE |
Version: 4.5.0
Check: examples
Result: NOTE
Examples with CPU (user + system) or elapsed time > 5s
user system elapsed
DAISIE_sim 5.970 0.000 7.370
DAISIE_plot_input 4.783 0.153 6.383
Flavor: r-devel-linux-x86_64-debian-clang
Version: 4.5.0
Check: installed package size
Result: NOTE
installed size is 36.3Mb
sub-directories of 1Mb or more:
libs 34.1Mb
Flavors: r-oldrel-macos-arm64, r-oldrel-macos-x86_64
Version: 4.5.0
Check: package dependencies
Result: NOTE
Package which this enhances but not available for checking: 'doMC'
Flavor: r-oldrel-windows-x86_64
These binaries (installable software) and packages are in development.
They may not be fully stable and should be used with caution. We make no claims about them.