Last updated on 2025-02-16 10:50:44 CET.
Flavor | Version | Tinstall | Tcheck | Ttotal | Status | Flags |
---|---|---|---|---|---|---|
r-devel-linux-x86_64-debian-clang | 0.9.6 | 8.18 | 135.74 | 143.92 | OK | |
r-devel-linux-x86_64-debian-gcc | 0.9.6 | 6.43 | 87.00 | 93.43 | OK | |
r-devel-linux-x86_64-fedora-clang | 0.9.6 | 236.01 | OK | |||
r-devel-linux-x86_64-fedora-gcc | 0.9.6 | 224.85 | OK | |||
r-devel-macos-arm64 | 0.9.6 | 68.00 | OK | |||
r-devel-macos-x86_64 | 0.9.6 | 175.00 | OK | |||
r-devel-windows-x86_64 | 0.9.6 | 12.00 | 140.00 | 152.00 | OK | |
r-patched-linux-x86_64 | 0.9.6 | 8.91 | 123.87 | 132.78 | OK | |
r-release-linux-x86_64 | 0.9.6 | 8.42 | 122.21 | 130.63 | OK | |
r-release-macos-arm64 | 0.9.6 | 69.00 | NOTE | |||
r-release-macos-x86_64 | 0.9.6 | 104.00 | NOTE | |||
r-release-windows-x86_64 | 0.9.6 | 13.00 | 143.00 | 156.00 | NOTE | |
r-oldrel-macos-arm64 | 0.9.6 | 69.00 | NOTE | |||
r-oldrel-macos-x86_64 | 0.9.6 | 175.00 | NOTE | |||
r-oldrel-windows-x86_64 | 0.9.6 | 15.00 | 203.00 | 218.00 | NOTE |
Version: 0.9.6
Check: installed package size
Result: NOTE
installed size is 5.3Mb
sub-directories of 1Mb or more:
appinformation 4.1Mb
Flavors: r-release-macos-arm64, r-release-macos-x86_64, r-release-windows-x86_64, r-oldrel-macos-arm64, r-oldrel-macos-x86_64, r-oldrel-windows-x86_64
These binaries (installable software) and packages are in development.
They may not be fully stable and should be used with caution. We make no claims about them.