Last updated on 2025-05-01 10:50:08 CEST.
Flavor | Version | Tinstall | Tcheck | Ttotal | Status | Flags |
---|---|---|---|---|---|---|
r-devel-linux-x86_64-debian-clang | 1.0 | 5.92 | 34.34 | 40.26 | NOTE | |
r-devel-linux-x86_64-debian-gcc | 1.0 | 3.57 | 25.12 | 28.69 | NOTE | |
r-devel-linux-x86_64-fedora-clang | 1.0 | 66.51 | OK | |||
r-devel-linux-x86_64-fedora-gcc | 1.0 | 59.82 | OK | |||
r-devel-windows-x86_64 | 1.0 | 7.00 | 52.00 | 59.00 | OK | |
r-patched-linux-x86_64 | 1.0 | 4.30 | 32.58 | 36.88 | OK | |
r-release-linux-x86_64 | OK | |||||
r-release-macos-arm64 | 1.0 | 22.00 | OK | |||
r-release-macos-x86_64 | 1.0 | 42.00 | OK | |||
r-release-windows-x86_64 | 1.0 | 7.00 | 56.00 | 63.00 | OK | |
r-oldrel-macos-arm64 | 1.0 | 21.00 | OK | |||
r-oldrel-macos-x86_64 | 1.0 | 30.00 | OK | |||
r-oldrel-windows-x86_64 | 1.0 | 7.00 | 56.00 | 63.00 | OK |
Version: 1.0
Check: CRAN incoming feasibility
Result: NOTE
Maintainer: ‘Harry Joo <harryjoo19@gmail.com>’
No Authors@R field in DESCRIPTION.
Please add one, modifying
Authors@R: c(person(given = "Harry",
family = "Joo",
role = c("aut", "cre"),
email = "harryjoo19@gmail.com"),
person(given = "Herman",
family = "Aguinis",
role = c("aut", "dtc")),
person(given = c("Kyle", "J."),
family = "Bradley",
role = "aut"),
person(given = "Takuya",
family = "Noguchi",
role = "ctb"))
as necessary.
Package CITATION file contains call(s) to old-style personList() or
as.personList(). Please use c() on person objects instead.
Package CITATION file contains call(s) to old-style citEntry(). Please
use bibentry() instead.
Flavors: r-devel-linux-x86_64-debian-clang, r-devel-linux-x86_64-debian-gcc
These binaries (installable software) and packages are in development.
They may not be fully stable and should be used with caution. We make no claims about them.