CRAN Package Check Results for Package EmbedSOM

Last updated on 2025-07-26 07:50:21 CEST.

Flavor Version Tinstall Tcheck Ttotal Status Flags
r-devel-linux-x86_64-debian-clang 2.2 23.74 56.95 80.69 OK
r-devel-linux-x86_64-debian-gcc 2.2 17.25 42.65 59.90 OK
r-devel-linux-x86_64-fedora-clang 2.2 131.81 NOTE
r-devel-linux-x86_64-fedora-gcc 2.2 154.43 NOTE
r-devel-windows-x86_64 2.2 25.00 121.00 146.00 OK
r-patched-linux-x86_64 2.2 26.03 53.18 79.21 OK
r-release-linux-x86_64 2.2 23.77 53.07 76.84 OK
r-release-macos-arm64 2.2 63.00 OK
r-release-macos-x86_64 2.2 96.00 OK
r-release-windows-x86_64 2.2 26.00 122.00 148.00 OK
r-oldrel-macos-arm64 2.2 60.00 OK
r-oldrel-macos-x86_64 2.2 83.00 OK
r-oldrel-windows-x86_64 2.2 29.00 143.00 172.00 OK

Additional issues

0len

Check Details

Version: 2.2
Check: dependencies in R code
Result: NOTE Namespace in Imports field not imported from: ‘Matrix’ All declared Imports should be used. Flavors: r-devel-linux-x86_64-fedora-clang, r-devel-linux-x86_64-fedora-gcc

These binaries (installable software) and packages are in development.
They may not be fully stable and should be used with caution. We make no claims about them.