Last updated on 2025-05-01 14:49:08 CEST.
Flavor | Version | Tinstall | Tcheck | Ttotal | Status | Flags |
---|---|---|---|---|---|---|
r-devel-linux-x86_64-debian-clang | 2.2 | 23.33 | 56.24 | 79.57 | OK | |
r-devel-linux-x86_64-debian-gcc | 2.2 | 16.89 | 42.39 | 59.28 | OK | |
r-devel-linux-x86_64-fedora-clang | 2.2 | 127.14 | NOTE | |||
r-devel-linux-x86_64-fedora-gcc | 2.2 | 149.73 | NOTE | |||
r-devel-windows-x86_64 | 2.2 | 25.00 | 120.00 | 145.00 | OK | |
r-patched-linux-x86_64 | 2.2 | 25.29 | 52.52 | 77.81 | OK | |
r-release-linux-x86_64 | OK | |||||
r-release-macos-arm64 | 2.2 | 63.00 | OK | |||
r-release-macos-x86_64 | 2.2 | 96.00 | OK | |||
r-release-windows-x86_64 | 2.2 | 25.00 | 123.00 | 148.00 | OK | |
r-oldrel-macos-arm64 | 2.2 | 60.00 | OK | |||
r-oldrel-macos-x86_64 | 2.2 | 83.00 | OK | |||
r-oldrel-windows-x86_64 | 2.2 | 28.00 | 156.00 | 184.00 | OK |
Version: 2.2
Check: dependencies in R code
Result: NOTE
Namespace in Imports field not imported from: ‘Matrix’
All declared Imports should be used.
Flavors: r-devel-linux-x86_64-fedora-clang, r-devel-linux-x86_64-fedora-gcc
These binaries (installable software) and packages are in development.
They may not be fully stable and should be used with caution. We make no claims about them.