Last updated on 2025-07-26 07:50:21 CEST.
Flavor | Version | Tinstall | Tcheck | Ttotal | Status | Flags |
---|---|---|---|---|---|---|
r-devel-linux-x86_64-debian-clang | 1.0.1 | 59.35 | 38.54 | 97.89 | NOTE | |
r-devel-linux-x86_64-debian-gcc | 1.0.1 | 38.95 | 28.67 | 67.62 | NOTE | |
r-devel-linux-x86_64-fedora-clang | 1.0.1 | 187.33 | OK | |||
r-devel-linux-x86_64-fedora-gcc | 1.0.1 | 157.55 | OK | |||
r-devel-windows-x86_64 | 1.0.1 | 66.00 | 93.00 | 159.00 | OK | |
r-patched-linux-x86_64 | 1.0.1 | 56.12 | 36.51 | 92.63 | OK | |
r-release-linux-x86_64 | 1.0.1 | 57.16 | 36.17 | 93.33 | OK | |
r-release-macos-arm64 | 1.0.1 | 51.00 | OK | |||
r-release-macos-x86_64 | 1.0.1 | 62.00 | OK | |||
r-release-windows-x86_64 | 1.0.1 | 66.00 | 82.00 | 148.00 | OK | |
r-oldrel-macos-arm64 | 1.0.1 | 44.00 | OK | |||
r-oldrel-macos-x86_64 | 1.0.1 | 52.00 | OK | |||
r-oldrel-windows-x86_64 | 1.0.1 | 77.00 | 95.00 | 172.00 | OK |
Version: 1.0.1
Check: CRAN incoming feasibility
Result: NOTE
Maintainer: ‘Xuan You <youxuan90@gmail.com>’
No Authors@R field in DESCRIPTION.
Please add one, modifying
Authors@R: c(person(given = "Xuan",
family = "You",
role = c("aut", "cre"),
email = "youxuan90@gmail.com"),
person(given = "Yichen",
family = "Cheng",
role = "aut",
email = "ycheng11@gsu.edu"))
as necessary.
Flavors: r-devel-linux-x86_64-debian-clang, r-devel-linux-x86_64-debian-gcc
These binaries (installable software) and packages are in development.
They may not be fully stable and should be used with caution. We make no claims about them.