Last updated on 2025-05-01 12:49:28 CEST.
Flavor | Version | Tinstall | Tcheck | Ttotal | Status | Flags |
---|---|---|---|---|---|---|
r-devel-linux-x86_64-debian-clang | 2.4.1 | 12.71 | 141.27 | 153.98 | NOTE | |
r-devel-linux-x86_64-debian-gcc | 2.4.1 | 8.28 | 98.36 | 106.64 | OK | |
r-devel-linux-x86_64-fedora-clang | 2.4.1 | 249.14 | OK | |||
r-devel-linux-x86_64-fedora-gcc | 2.4.1 | 228.76 | OK | |||
r-devel-windows-x86_64 | 2.4.1 | 14.00 | 153.00 | 167.00 | OK | |
r-patched-linux-x86_64 | 2.4.1 | 12.09 | 132.66 | 144.75 | OK | |
r-release-linux-x86_64 | OK | |||||
r-release-macos-arm64 | 2.4.1 | 78.00 | OK | |||
r-release-macos-x86_64 | 2.4.1 | 131.00 | OK | |||
r-release-windows-x86_64 | 2.4.1 | 14.00 | 153.00 | 167.00 | OK | |
r-oldrel-macos-arm64 | 2.4.1 | 75.00 | OK | |||
r-oldrel-macos-x86_64 | 2.4.1 | 115.00 | OK | |||
r-oldrel-windows-x86_64 | 2.4.1 | 18.00 | 192.00 | 210.00 | OK |
Version: 2.4.1
Check: examples
Result: NOTE
Examples with CPU (user + system) or elapsed time > 5s
user system elapsed
paleotree.record.to.fossils 5.053 0.041 6.905
Flavor: r-devel-linux-x86_64-debian-clang
These binaries (installable software) and packages are in development.
They may not be fully stable and should be used with caution. We make no claims about them.