CRAN Package Check Results for Package GGMncv

Last updated on 2025-05-01 10:50:10 CEST.

Flavor Version Tinstall Tcheck Ttotal Status Flags
r-devel-linux-x86_64-debian-clang 2.1.1 27.07 102.74 129.81 NOTE
r-devel-linux-x86_64-debian-gcc 2.1.1 20.17 74.16 94.33 NOTE
r-devel-linux-x86_64-fedora-clang 2.1.1 209.99 NOTE
r-devel-linux-x86_64-fedora-gcc 2.1.1 265.40 NOTE
r-devel-windows-x86_64 2.1.1 31.00 128.00 159.00 NOTE
r-patched-linux-x86_64 2.1.1 27.02 97.07 124.09 NOTE
r-release-linux-x86_64 NOTE
r-release-macos-arm64 2.1.1 75.00 NOTE
r-release-macos-x86_64 2.1.1 139.00 NOTE
r-release-windows-x86_64 2.1.1 35.00 128.00 163.00 NOTE
r-oldrel-macos-arm64 2.1.1 82.00 NOTE
r-oldrel-macos-x86_64 2.1.1 107.00 NOTE
r-oldrel-windows-x86_64 2.1.1 37.00 168.00 205.00 NOTE

Check Details

Version: 2.1.1
Check: CRAN incoming feasibility
Result: NOTE Maintainer: ‘Donald Williams <drwwilliams@ucdavis.edu>’ Package has help file(s) containing later-stage \Sexpr{} expressions but no 'build/stage23.rdb' file. Flavors: r-devel-linux-x86_64-debian-clang, r-devel-linux-x86_64-debian-gcc

Version: 2.1.1
Check: C++ specification
Result: NOTE Specified C++11: please drop specification unless essential Flavors: r-devel-linux-x86_64-debian-clang, r-devel-linux-x86_64-debian-gcc, r-devel-linux-x86_64-fedora-clang, r-devel-linux-x86_64-fedora-gcc, r-devel-windows-x86_64, r-patched-linux-x86_64, r-release-linux-x86_64, r-release-macos-arm64, r-release-macos-x86_64, r-release-windows-x86_64, r-oldrel-macos-arm64, r-oldrel-macos-x86_64, r-oldrel-windows-x86_64

Version: 2.1.1
Check: top-level files
Result: NOTE possible bashism in configure.ac line 36 (should be 'b = a'): if test x"${RSysinfoName}" == x"Darwin"; then possible bashism in configure.ac line 47 (should be 'b = a'): if test x"${hasOpenMP}" == x""; then Flavors: r-devel-linux-x86_64-debian-clang, r-devel-linux-x86_64-debian-gcc, r-devel-linux-x86_64-fedora-clang, r-devel-linux-x86_64-fedora-gcc, r-patched-linux-x86_64, r-release-linux-x86_64

Version: 2.1.1
Check: Rd files
Result: NOTE checkRd: (-1) boot_eip.Rd:50: Escaped LaTeX specials: \& checkRd: (-1) constrained.Rd:93: Escaped LaTeX specials: \& Flavors: r-devel-linux-x86_64-debian-clang, r-devel-linux-x86_64-debian-gcc, r-devel-linux-x86_64-fedora-clang, r-devel-linux-x86_64-fedora-gcc, r-devel-windows-x86_64, r-patched-linux-x86_64, r-release-linux-x86_64, r-release-macos-arm64, r-release-macos-x86_64, r-release-windows-x86_64, r-oldrel-macos-arm64, r-oldrel-macos-x86_64, r-oldrel-windows-x86_64

Version: 2.1.1
Check: dependencies in R code
Result: NOTE Namespaces in Imports field not imported from: ‘Rdpack’ ‘mathjaxr’ All declared Imports should be used. Flavors: r-devel-linux-x86_64-fedora-clang, r-devel-linux-x86_64-fedora-gcc

These binaries (installable software) and packages are in development.
They may not be fully stable and should be used with caution. We make no claims about them.