Last updated on 2025-02-16 10:50:47 CET.
Flavor | Version | Tinstall | Tcheck | Ttotal | Status | Flags |
---|---|---|---|---|---|---|
r-devel-linux-x86_64-debian-clang | 1.2.7 | 156.23 | 325.87 | 482.10 | OK | |
r-devel-linux-x86_64-debian-gcc | 1.2.7 | 107.93 | 224.31 | 332.24 | OK | |
r-devel-linux-x86_64-fedora-clang | 1.2.7 | 796.19 | OK | |||
r-devel-linux-x86_64-fedora-gcc | 1.2.7 | 803.96 | OK | |||
r-devel-macos-arm64 | 1.2.7 | 237.00 | OK | |||
r-devel-macos-x86_64 | 1.2.7 | 532.00 | OK | |||
r-devel-windows-x86_64 | 1.2.7 | 169.00 | 319.00 | 488.00 | OK | |
r-patched-linux-x86_64 | 1.2.7 | 156.87 | 304.74 | 461.61 | OK | |
r-release-linux-x86_64 | 1.2.7 | 150.14 | 298.93 | 449.07 | OK | |
r-release-macos-arm64 | 1.2.7 | 243.00 | NOTE | |||
r-release-macos-x86_64 | 1.2.7 | 363.00 | NOTE | |||
r-release-windows-x86_64 | 1.2.7 | 176.00 | 320.00 | 496.00 | NOTE | |
r-oldrel-macos-arm64 | 1.2.7 | 229.00 | NOTE | |||
r-oldrel-macos-x86_64 | 1.2.7 | 579.00 | NOTE | |||
r-oldrel-windows-x86_64 | 1.2.7 | 223.00 | 390.00 | 613.00 | NOTE |
Version: 1.2.7
Check: installed package size
Result: NOTE
installed size is 7.6Mb
sub-directories of 1Mb or more:
R 7.0Mb
Flavors: r-release-macos-arm64, r-release-macos-x86_64, r-release-windows-x86_64, r-oldrel-macos-arm64, r-oldrel-macos-x86_64, r-oldrel-windows-x86_64
These binaries (installable software) and packages are in development.
They may not be fully stable and should be used with caution. We make no claims about them.