Last updated on 2025-07-22 07:49:41 CEST.
Flavor | Version | Tinstall | Tcheck | Ttotal | Status | Flags |
---|---|---|---|---|---|---|
r-devel-linux-x86_64-debian-clang | 1.0.0 | 26.98 | 66.84 | 93.82 | OK | |
r-devel-linux-x86_64-debian-gcc | 1.0.0 | 22.15 | 51.51 | 73.66 | OK | |
r-devel-linux-x86_64-fedora-clang | 1.0.0 | 147.68 | OK | |||
r-devel-linux-x86_64-fedora-gcc | 1.0.0 | 152.46 | OK | |||
r-devel-windows-x86_64 | 1.0.0 | 33.00 | 88.00 | 121.00 | OK | |
r-patched-linux-x86_64 | 1.0.0 | 28.00 | 64.36 | 92.36 | OK | |
r-release-linux-x86_64 | 1.0.0 | 27.81 | 64.05 | 91.86 | OK | |
r-release-macos-arm64 | 1.0.0 | 49.00 | OK | |||
r-release-macos-x86_64 | 1.0.0 | 101.00 | OK | |||
r-release-windows-x86_64 | 1.0.0 | 31.00 | 92.00 | 123.00 | OK | |
r-oldrel-macos-arm64 | 1.0.0 | 46.00 | NOTE | |||
r-oldrel-macos-x86_64 | 1.0.0 | 83.00 | NOTE | |||
r-oldrel-windows-x86_64 | 1.0.0 | 39.00 | 113.00 | 152.00 | NOTE |
Version: 1.0.0
Check: installed package size
Result: NOTE
installed size is 12.7Mb
sub-directories of 1Mb or more:
extdata 4.5Mb
libs 8.1Mb
Flavors: r-oldrel-macos-arm64, r-oldrel-macos-x86_64, r-oldrel-windows-x86_64
These binaries (installable software) and packages are in development.
They may not be fully stable and should be used with caution. We make no claims about them.