Last updated on 2025-10-25 11:48:34 CEST.
| Flavor | Version | Tinstall | Tcheck | Ttotal | Status | Flags |
|---|---|---|---|---|---|---|
| r-devel-linux-x86_64-debian-clang | 1.1.0 | 2.93 | 73.77 | 76.70 | OK | |
| r-devel-linux-x86_64-debian-gcc | 1.1.0 | 1.98 | 54.33 | 56.31 | OK | |
| r-devel-linux-x86_64-fedora-clang | 1.1.0 | 118.78 | OK | |||
| r-devel-linux-x86_64-fedora-gcc | 1.1.0 | 124.17 | OK | |||
| r-devel-windows-x86_64 | 1.1.0 | 5.00 | 86.00 | 91.00 | OK | |
| r-patched-linux-x86_64 | 1.1.0 | 3.11 | 70.51 | 73.62 | OK | |
| r-release-linux-x86_64 | 1.1.0 | 2.07 | 70.44 | 72.51 | OK | |
| r-release-macos-arm64 | 1.1.0 | 1.00 | 49.00 | 50.00 | OK | |
| r-release-macos-x86_64 | 1.1.0 | 2.00 | 80.00 | 82.00 | OK | |
| r-release-windows-x86_64 | 1.1.0 | 7.00 | 87.00 | 94.00 | OK | |
| r-oldrel-macos-arm64 | 1.1.0 | 1.00 | 47.00 | 48.00 | NOTE | |
| r-oldrel-macos-x86_64 | 1.1.0 | 2.00 | 72.00 | 74.00 | NOTE | |
| r-oldrel-windows-x86_64 | 1.1.0 | 8.00 | 104.00 | 112.00 | NOTE |
Version: 1.1.0
Check: installed package size
Result: NOTE
installed size is 6.0Mb
sub-directories of 1Mb or more:
doc 5.7Mb
Flavors: r-oldrel-macos-arm64, r-oldrel-macos-x86_64, r-oldrel-windows-x86_64
These binaries (installable software) and packages are in development.
They may not be fully stable and should be used with caution. We make no claims about them.