Last updated on 2025-05-22 03:50:37 CEST.
Flavor | Version | Tinstall | Tcheck | Ttotal | Status | Flags |
---|---|---|---|---|---|---|
r-devel-linux-x86_64-debian-clang | 0.1.5.9 | 8.79 | 84.00 | 92.79 | NOTE | |
r-devel-linux-x86_64-debian-gcc | 0.1.5.9 | 7.21 | 60.06 | 67.27 | NOTE | |
r-devel-linux-x86_64-fedora-clang | 0.1.5.9 | 143.64 | OK | |||
r-devel-linux-x86_64-fedora-gcc | 0.1.5.9 | 152.00 | OK | |||
r-devel-windows-x86_64 | 0.1.5.9 | 10.00 | 103.00 | 113.00 | OK | |
r-patched-linux-x86_64 | 0.1.5.9 | 10.48 | 79.17 | 89.65 | OK | |
r-release-linux-x86_64 | 0.1.5.9 | 9.26 | 78.63 | 87.89 | OK | |
r-release-macos-arm64 | 0.1.5.9 | 51.00 | OK | |||
r-release-macos-x86_64 | 0.1.5.9 | 113.00 | OK | |||
r-release-windows-x86_64 | 0.1.5.9 | 12.00 | 101.00 | 113.00 | OK | |
r-oldrel-macos-arm64 | 0.1.5.9 | 45.00 | OK | |||
r-oldrel-macos-x86_64 | 0.1.5.9 | 105.00 | OK | |||
r-oldrel-windows-x86_64 | 0.1.5.9 | 12.00 | 121.00 | 133.00 | OK |
Version: 0.1.5.9
Check: CRAN incoming feasibility
Result: NOTE
Maintainer: ‘Daniel Fischer <daniel.fischer@luke.fi>’
No Authors@R field in DESCRIPTION.
Please add one, modifying
Authors@R: person(given = "Daniel",
family = "Fischer",
role = c("aut", "cre"),
email = "daniel.fischer@luke.fi")
as necessary.
Flavors: r-devel-linux-x86_64-debian-clang, r-devel-linux-x86_64-debian-gcc
These binaries (installable software) and packages are in development.
They may not be fully stable and should be used with caution. We make no claims about them.