CRAN Package Check Results for Package GrabSVG

Last updated on 2025-05-01 17:56:05 CEST.

Flavor Version Tinstall Tcheck Ttotal Status Flags
r-devel-linux-x86_64-debian-clang 0.0.2 1.82 26.23 28.05 NOTE
r-devel-linux-x86_64-debian-gcc 0.0.2 1.42 20.90 22.32 OK
r-devel-linux-x86_64-fedora-clang 0.0.2 46.92 OK
r-devel-linux-x86_64-fedora-gcc 0.0.2 41.49 OK
r-devel-windows-x86_64 0.0.2 3.00 47.00 50.00 OK
r-patched-linux-x86_64 0.0.2 1.49 25.47 26.96 OK
r-release-linux-x86_64 OK
r-release-macos-arm64 0.0.2 24.00 OK
r-release-macos-x86_64 0.0.2 37.00 OK
r-release-windows-x86_64 0.0.2 4.00 47.00 51.00 OK
r-oldrel-macos-arm64 0.0.2 18.00 OK
r-oldrel-macos-x86_64 0.0.2 25.00 OK
r-oldrel-windows-x86_64 0.0.2 4.00 52.00 56.00 OK

Check Details

Version: 0.0.2
Check: examples
Result: NOTE Examples with CPU (user + system) or elapsed time > 5s user system elapsed GrabSVG 5.346 0.55 7.31 Flavor: r-devel-linux-x86_64-debian-clang

Version: 0.0.2
Check: examples
Result: NA user system elapsed GrabSVG 3.82 0.223 5.048 OK Flavor: r-devel-linux-x86_64-debian-gcc

These binaries (installable software) and packages are in development.
They may not be fully stable and should be used with caution. We make no claims about them.