Last updated on 2025-11-13 21:49:58 CET.
| Flavor | Version | Tinstall | Tcheck | Ttotal | Status | Flags |
|---|---|---|---|---|---|---|
| r-devel-linux-x86_64-debian-clang | 1.0.0 | 16.45 | 147.08 | 163.53 | OK | |
| r-devel-linux-x86_64-debian-gcc | 1.0.0 | 12.11 | 108.13 | 120.24 | OK | |
| r-devel-linux-x86_64-fedora-clang | 1.0.0 | 88.00 | 174.22 | 262.22 | OK | |
| r-devel-linux-x86_64-fedora-gcc | 1.0.0 | 24.00 | 191.14 | 215.14 | OK | |
| r-devel-windows-x86_64 | 1.0.0 | 18.00 | 123.00 | 141.00 | OK | |
| r-patched-linux-x86_64 | 1.0.0 | 16.62 | 137.20 | 153.82 | OK | |
| r-release-linux-x86_64 | 1.0.0 | 0.34 | 1.87 | 2.21 | ERROR | |
| r-release-macos-arm64 | 1.0.0 | 5.00 | ERROR | |||
| r-release-macos-x86_64 | 1.0.0 | 6.00 | ERROR | |||
| r-release-windows-x86_64 | 1.0.0 | 20.00 | 123.00 | 143.00 | OK | |
| r-oldrel-macos-arm64 | 1.0.0 | 10.00 | ERROR | |||
| r-oldrel-macos-x86_64 | 1.0.0 | 12.00 | 129.00 | 141.00 | OK | |
| r-oldrel-windows-x86_64 | 1.0.0 | 25.00 | 166.00 | 191.00 | OK |
Version: 1.0.0
Check: package dependencies
Result: ERROR
Package required but not available: ‘clusterProfiler’
See section ‘The DESCRIPTION file’ in the ‘Writing R Extensions’
manual.
Flavor: r-release-linux-x86_64
Version: 1.0.0
Check: package dependencies
Result: ERROR
Package required but not available: ‘org.Mm.eg.db’
See section ‘The DESCRIPTION file’ in the ‘Writing R Extensions’
manual.
Flavors: r-release-macos-arm64, r-release-macos-x86_64, r-oldrel-macos-arm64
These binaries (installable software) and packages are in development.
They may not be fully stable and should be used with caution. We make no claims about them.