Last updated on 2025-04-16 00:49:42 CEST.
Flavor | Version | Tinstall | Tcheck | Ttotal | Status | Flags |
---|---|---|---|---|---|---|
r-devel-linux-x86_64-debian-clang | 1.0.0 | 16.86 | 147.47 | 164.33 | OK | |
r-devel-linux-x86_64-debian-gcc | 1.0.0 | 13.17 | 105.63 | 118.80 | OK | |
r-devel-linux-x86_64-fedora-clang | 1.0.0 | 258.92 | OK | |||
r-devel-linux-x86_64-fedora-gcc | 1.0.0 | 263.71 | OK | |||
r-devel-windows-x86_64 | 1.0.0 | 17.00 | 127.00 | 144.00 | OK | |
r-patched-linux-x86_64 | 1.0.0 | 14.95 | 136.03 | 150.98 | OK | |
r-release-linux-x86_64 | 1.0.0 | 15.77 | 135.16 | 150.93 | OK | |
r-release-macos-arm64 | 1.0.0 | 5.00 | ERROR | |||
r-release-macos-x86_64 | 1.0.0 | 6.00 | ERROR | |||
r-release-windows-x86_64 | 1.0.0 | 18.00 | 127.00 | 145.00 | OK | |
r-oldrel-macos-arm64 | 1.0.0 | 10.00 | ERROR | |||
r-oldrel-macos-x86_64 | 1.0.0 | 141.00 | OK | |||
r-oldrel-windows-x86_64 | 1.0.0 | 23.00 | 163.00 | 186.00 | OK |
Version: 1.0.0
Check: package dependencies
Result: ERROR
Package required but not available: ‘org.Mm.eg.db’
See section ‘The DESCRIPTION file’ in the ‘Writing R Extensions’
manual.
Flavors: r-release-macos-arm64, r-release-macos-x86_64, r-oldrel-macos-arm64
These binaries (installable software) and packages are in development.
They may not be fully stable and should be used with caution. We make no claims about them.