Last updated on 2025-10-23 21:51:28 CEST.
Flavor | Version | Tinstall | Tcheck | Ttotal | Status | Flags |
---|---|---|---|---|---|---|
r-devel-linux-x86_64-debian-clang | 1.0.0 | 16.55 | 147.15 | 163.70 | OK | |
r-devel-linux-x86_64-debian-gcc | 1.0.0 | 11.10 | 105.58 | 116.68 | OK | |
r-devel-linux-x86_64-fedora-clang | 1.0.0 | 76.00 | 194.89 | 270.89 | OK | |
r-devel-linux-x86_64-fedora-gcc | 1.0.0 | 157.00 | 103.86 | 260.86 | OK | |
r-devel-windows-x86_64 | 1.0.0 | 18.00 | 126.00 | 144.00 | OK | |
r-patched-linux-x86_64 | 1.0.0 | 14.59 | 139.23 | 153.82 | OK | |
r-release-linux-x86_64 | 1.0.0 | 15.40 | 137.75 | 153.15 | OK | |
r-release-macos-arm64 | 1.0.0 | 5.00 | ERROR | |||
r-release-macos-x86_64 | 1.0.0 | 32.00 | ERROR | |||
r-release-windows-x86_64 | 1.0.0 | 18.00 | 130.00 | 148.00 | OK | |
r-oldrel-macos-arm64 | 1.0.0 | 14.00 | ERROR | |||
r-oldrel-macos-x86_64 | 1.0.0 | 12.00 | 129.00 | 141.00 | OK | |
r-oldrel-windows-x86_64 | 1.0.0 | 25.00 | 172.00 | 197.00 | OK |
Version: 1.0.0
Check: package dependencies
Result: ERROR
Package required but not available: ‘org.Mm.eg.db’
See section ‘The DESCRIPTION file’ in the ‘Writing R Extensions’
manual.
Flavors: r-release-macos-arm64, r-release-macos-x86_64, r-oldrel-macos-arm64
These binaries (installable software) and packages are in development.
They may not be fully stable and should be used with caution. We make no claims about them.