CRAN Package Check Results for Package GxEScanR

Last updated on 2025-07-17 01:49:49 CEST.

Flavor Version Tinstall Tcheck Ttotal Status Flags
r-devel-linux-x86_64-debian-clang 2.0.2 50.02 74.66 124.68 NOTE
r-devel-linux-x86_64-debian-gcc 2.0.2 36.15 58.19 94.34 NOTE
r-devel-linux-x86_64-fedora-clang 2.0.2 208.94 NOTE
r-devel-linux-x86_64-fedora-gcc 2.0.2 205.45 NOTE
r-devel-windows-x86_64 2.0.2 57.00 102.00 159.00 NOTE
r-patched-linux-x86_64 2.0.2 49.93 71.78 121.71 NOTE
r-release-linux-x86_64 2.0.2 48.52 70.48 119.00 NOTE
r-release-macos-arm64 2.0.2 117.00 NOTE
r-release-macos-x86_64 2.0.2 125.00 NOTE
r-release-windows-x86_64 2.0.2 58.00 104.00 162.00 NOTE
r-oldrel-macos-arm64 2.0.2 67.00 NOTE
r-oldrel-macos-x86_64 2.0.2 87.00 NOTE
r-oldrel-windows-x86_64 2.0.2 68.00 131.00 199.00 NOTE

Check Details

Version: 2.0.2
Check: C++ specification
Result: NOTE Specified C++11: please drop specification unless essential Flavors: r-devel-linux-x86_64-debian-clang, r-devel-linux-x86_64-debian-gcc, r-devel-linux-x86_64-fedora-clang, r-devel-linux-x86_64-fedora-gcc, r-devel-windows-x86_64, r-patched-linux-x86_64, r-release-linux-x86_64, r-release-macos-arm64, r-release-macos-x86_64, r-release-windows-x86_64, r-oldrel-macos-arm64, r-oldrel-macos-x86_64, r-oldrel-windows-x86_64

These binaries (installable software) and packages are in development.
They may not be fully stable and should be used with caution. We make no claims about them.