Last updated on 2025-05-21 21:49:18 CEST.
Flavor | Version | Tinstall | Tcheck | Ttotal | Status | Flags |
---|---|---|---|---|---|---|
r-devel-linux-x86_64-debian-clang | 2.0.2 | 49.08 | 75.27 | 124.35 | NOTE | |
r-devel-linux-x86_64-debian-gcc | 2.0.2 | 35.79 | 56.22 | 92.01 | NOTE | |
r-devel-linux-x86_64-fedora-clang | 2.0.2 | 213.67 | NOTE | |||
r-devel-linux-x86_64-fedora-gcc | 2.0.2 | 246.58 | NOTE | |||
r-devel-windows-x86_64 | 2.0.2 | 59.00 | 104.00 | 163.00 | NOTE | |
r-patched-linux-x86_64 | 2.0.2 | 47.57 | 71.48 | 119.05 | NOTE | |
r-release-linux-x86_64 | 2.0.2 | 50.45 | 71.29 | 121.74 | NOTE | |
r-release-macos-arm64 | 2.0.2 | 117.00 | NOTE | |||
r-release-macos-x86_64 | 2.0.2 | 125.00 | NOTE | |||
r-release-windows-x86_64 | 2.0.2 | 54.00 | 108.00 | 162.00 | NOTE | |
r-oldrel-macos-arm64 | 2.0.2 | 67.00 | NOTE | |||
r-oldrel-macos-x86_64 | 2.0.2 | 87.00 | NOTE | |||
r-oldrel-windows-x86_64 | 2.0.2 | 69.00 | 133.00 | 202.00 | NOTE |
Version: 2.0.2
Check: C++ specification
Result: NOTE
Specified C++11: please drop specification unless essential
Flavors: r-devel-linux-x86_64-debian-clang, r-devel-linux-x86_64-debian-gcc, r-devel-linux-x86_64-fedora-clang, r-devel-linux-x86_64-fedora-gcc, r-devel-windows-x86_64, r-patched-linux-x86_64, r-release-linux-x86_64, r-release-macos-arm64, r-release-macos-x86_64, r-release-windows-x86_64, r-oldrel-macos-arm64, r-oldrel-macos-x86_64, r-oldrel-windows-x86_64
These binaries (installable software) and packages are in development.
They may not be fully stable and should be used with caution. We make no claims about them.