CRAN Package Check Results for Package HDMT

Last updated on 2025-05-08 04:52:07 CEST.

Flavor Version Tinstall Tcheck Ttotal Status Flags
r-devel-linux-x86_64-debian-clang 1.0.5 5.83 61.93 67.76 OK
r-devel-linux-x86_64-debian-gcc 1.0.5 4.35 46.16 50.51 OK
r-devel-linux-x86_64-fedora-clang 1.0.5 106.77 OK
r-devel-linux-x86_64-fedora-gcc 1.0.5 118.19 OK
r-devel-windows-x86_64 1.0.5 2.00 5.00 7.00 ERROR
r-patched-linux-x86_64 1.0.5 6.01 58.16 64.17 OK
r-release-linux-x86_64 1.0.5 5.15 58.30 63.45 OK
r-release-macos-arm64 1.0.5 36.00 OK
r-release-macos-x86_64 1.0.5 74.00 OK
r-release-windows-x86_64 1.0.5 7.00 83.00 90.00 OK
r-oldrel-macos-arm64 1.0.5 36.00 OK
r-oldrel-macos-x86_64 1.0.5 55.00 OK
r-oldrel-windows-x86_64 1.0.5 10.00 94.00 104.00 OK

Check Details

Version: 1.0.5
Check: whether package can be installed
Result: ERROR Installation failed. Flavor: r-devel-windows-x86_64

These binaries (installable software) and packages are in development.
They may not be fully stable and should be used with caution. We make no claims about them.