Last updated on 2025-07-22 13:49:15 CEST.
Flavor | Version | Tinstall | Tcheck | Ttotal | Status | Flags |
---|---|---|---|---|---|---|
r-devel-linux-x86_64-debian-clang | 1.4 | 9.68 | 92.43 | 102.11 | NOTE | |
r-devel-linux-x86_64-debian-gcc | 1.4 | 7.34 | 64.43 | 71.77 | NOTE | |
r-devel-linux-x86_64-fedora-clang | 1.4 | 149.98 | OK | |||
r-devel-linux-x86_64-fedora-gcc | 1.4 | 158.08 | OK | |||
r-devel-windows-x86_64 | 1.4 | 11.00 | 110.00 | 121.00 | OK | |
r-patched-linux-x86_64 | 1.4 | 10.43 | 85.56 | 95.99 | OK | |
r-release-linux-x86_64 | 1.4 | 10.69 | 84.87 | 95.56 | OK | |
r-release-macos-arm64 | 1.4 | 55.00 | OK | |||
r-release-macos-x86_64 | 1.4 | 88.00 | OK | |||
r-release-windows-x86_64 | 1.4 | 12.00 | 120.00 | 132.00 | OK | |
r-oldrel-macos-arm64 | 1.4 | 52.00 | OK | |||
r-oldrel-macos-x86_64 | 1.4 | 83.00 | OK | |||
r-oldrel-windows-x86_64 | 1.4 | 14.00 | 131.00 | 145.00 | OK |
Version: 1.4
Check: CRAN incoming feasibility
Result: NOTE
Maintainer: ‘Berkley Shands <rpackages@biorankings.com>’
No Authors@R field in DESCRIPTION.
Please add one, modifying
Authors@R: c(person(given = c("Patricio", "S."),
family = "La Rosa",
role = "aut"),
person(given = "Elena",
family = "Deych",
role = "aut"),
person(given = "Berkley",
family = "Shands",
role = c("aut", "cre"),
email = "rpackages@biorankings.com"),
person(given = c("William", "D."),
family = "Shannon",
role = "aut"))
as necessary.
Flavors: r-devel-linux-x86_64-debian-clang, r-devel-linux-x86_64-debian-gcc
These binaries (installable software) and packages are in development.
They may not be fully stable and should be used with caution. We make no claims about them.