Last updated on 2025-05-01 14:49:12 CEST.
Flavor | Version | Tinstall | Tcheck | Ttotal | Status | Flags |
---|---|---|---|---|---|---|
r-devel-linux-x86_64-debian-clang | 1.2.4 | 3.20 | 111.51 | 114.71 | NOTE | |
r-devel-linux-x86_64-debian-gcc | 1.2.4 | 2.55 | 84.00 | 86.55 | OK | |
r-devel-linux-x86_64-fedora-clang | 1.2.4 | 184.76 | NOTE | |||
r-devel-linux-x86_64-fedora-gcc | 1.2.4 | 186.61 | NOTE | |||
r-devel-windows-x86_64 | 1.2.4 | 5.00 | 146.00 | 151.00 | OK | |
r-patched-linux-x86_64 | 1.2.4 | 3.79 | 107.63 | 111.42 | OK | |
r-release-linux-x86_64 | OK | |||||
r-release-macos-arm64 | 1.2.4 | 66.00 | OK | |||
r-release-macos-x86_64 | 1.2.4 | 146.00 | OK | |||
r-release-windows-x86_64 | 1.2.4 | 5.00 | 146.00 | 151.00 | OK | |
r-oldrel-macos-arm64 | 1.2.4 | 61.00 | OK | |||
r-oldrel-macos-x86_64 | 1.2.4 | 90.00 | OK | |||
r-oldrel-windows-x86_64 | 1.2.4 | 6.00 | 179.00 | 185.00 | OK |
Version: 1.2.4
Check: examples
Result: NOTE
Examples with CPU (user + system) or elapsed time > 5s
user system elapsed
data_split 4.216 0.248 6.281
Flavor: r-devel-linux-x86_64-debian-clang
Version: 1.2.4
Check: dependencies in R code
Result: NOTE
Namespaces in Imports field not imported from:
‘recipes’ ‘tune’
All declared Imports should be used.
Flavors: r-devel-linux-x86_64-fedora-clang, r-devel-linux-x86_64-fedora-gcc
These binaries (installable software) and packages are in development.
They may not be fully stable and should be used with caution. We make no claims about them.