Last updated on 2025-07-02 03:50:43 CEST.
Flavor | Version | Tinstall | Tcheck | Ttotal | Status | Flags |
---|---|---|---|---|---|---|
r-devel-linux-x86_64-debian-clang | 1.2.4 | 3.56 | 111.88 | 115.44 | OK | |
r-devel-linux-x86_64-debian-gcc | 1.2.4 | 1.95 | 84.11 | 86.06 | OK | |
r-devel-linux-x86_64-fedora-clang | 1.2.4 | 178.61 | NOTE | |||
r-devel-linux-x86_64-fedora-gcc | 1.2.4 | 192.12 | NOTE | |||
r-devel-windows-x86_64 | 1.2.4 | 6.00 | 149.00 | 155.00 | OK | |
r-patched-linux-x86_64 | OK | |||||
r-release-linux-x86_64 | 1.2.4 | 2.70 | 104.80 | 107.50 | OK | |
r-release-macos-arm64 | 1.2.4 | 66.00 | OK | |||
r-release-macos-x86_64 | 1.2.4 | 146.00 | OK | |||
r-release-windows-x86_64 | 1.2.4 | 5.00 | 146.00 | 151.00 | OK | |
r-oldrel-macos-arm64 | 1.2.4 | 61.00 | OK | |||
r-oldrel-macos-x86_64 | 1.2.4 | 90.00 | OK | |||
r-oldrel-windows-x86_64 | 1.2.4 | 7.00 | 179.00 | 186.00 | OK |
Version: 1.2.4
Check: dependencies in R code
Result: NOTE
Namespaces in Imports field not imported from:
‘recipes’ ‘tune’
All declared Imports should be used.
Flavors: r-devel-linux-x86_64-fedora-clang, r-devel-linux-x86_64-fedora-gcc
These binaries (installable software) and packages are in development.
They may not be fully stable and should be used with caution. We make no claims about them.