Last updated on 2025-10-23 11:50:15 CEST.
Flavor | Version | Tinstall | Tcheck | Ttotal | Status | Flags |
---|---|---|---|---|---|---|
r-devel-linux-x86_64-debian-clang | 1.2.3 | 8.90 | 175.48 | 184.38 | OK | |
r-devel-linux-x86_64-debian-gcc | 1.2.3 | 6.81 | 117.63 | 124.44 | OK | |
r-devel-linux-x86_64-fedora-clang | 1.2.3 | 22.00 | 242.90 | 264.90 | OK | |
r-devel-linux-x86_64-fedora-gcc | 1.2.3 | 17.00 | 247.98 | 264.98 | OK | |
r-devel-windows-x86_64 | 1.2.3 | 11.00 | 142.00 | 153.00 | OK | |
r-patched-linux-x86_64 | 1.2.3 | 6.83 | 160.18 | 167.01 | OK | |
r-release-linux-x86_64 | 1.2.3 | 9.13 | 161.70 | 170.83 | OK | |
r-release-macos-arm64 | 1.2.3 | 4.00 | 58.00 | 62.00 | OK | |
r-release-macos-x86_64 | 1.2.3 | 7.00 | 135.00 | 142.00 | OK | |
r-release-windows-x86_64 | 1.2.3 | 13.00 | 145.00 | 158.00 | OK | |
r-oldrel-macos-arm64 | 1.2.3 | 3.00 | 63.00 | 66.00 | NOTE | |
r-oldrel-macos-x86_64 | 1.2.3 | 7.00 | 121.00 | 128.00 | NOTE | |
r-oldrel-windows-x86_64 | 1.2.3 | 16.00 | 189.00 | 205.00 | NOTE |
Version: 1.2.3
Check: installed package size
Result: NOTE
installed size is 7.8Mb
sub-directories of 1Mb or more:
HaDeX 4.0Mb
doc 3.6Mb
Flavors: r-oldrel-macos-arm64, r-oldrel-macos-x86_64, r-oldrel-windows-x86_64
These binaries (installable software) and packages are in development.
They may not be fully stable and should be used with caution. We make no claims about them.