Last updated on 2024-07-27 15:50:20 CEST.
Flavor | Version | Tinstall | Tcheck | Ttotal | Status | Flags |
---|---|---|---|---|---|---|
r-devel-linux-x86_64-debian-clang | 0.1.1 | 38.54 | 329.92 | 368.46 | NOTE | |
r-devel-linux-x86_64-debian-gcc | 0.1.1 | NOTE | ||||
r-devel-linux-x86_64-fedora-clang | 0.1.1 | 479.74 | NOTE | |||
r-devel-linux-x86_64-fedora-gcc | 0.1.1 | 433.01 | NOTE | |||
r-devel-windows-x86_64 | 0.1.1 | 31.00 | 236.00 | 267.00 | NOTE | |
r-patched-linux-x86_64 | 0.1.1 | NOTE | ||||
r-release-linux-x86_64 | 0.1.1 | 20.61 | 321.94 | 342.55 | NOTE | |
r-release-macos-arm64 | 0.1.1 | 121.00 | NOTE | |||
r-release-macos-x86_64 | 0.1.1 | 212.00 | NOTE | |||
r-release-windows-x86_64 | 0.1.1 | 29.00 | 233.00 | 262.00 | NOTE | |
r-oldrel-macos-arm64 | 0.1.1 | 136.00 | NOTE | |||
r-oldrel-macos-x86_64 | 0.1.1 | 432.00 | NOTE | |||
r-oldrel-windows-x86_64 | 0.1.1 | 40.00 | 305.00 | 345.00 | NOTE |
Version: 0.1.1
Check: package dependencies
Result: NOTE
Package suggested but not available for checking: ‘microViz’
Flavors: r-devel-linux-x86_64-debian-clang, r-devel-linux-x86_64-debian-gcc, r-devel-linux-x86_64-fedora-clang, r-devel-linux-x86_64-fedora-gcc, r-devel-windows-x86_64, r-patched-linux-x86_64, r-release-linux-x86_64, r-release-macos-arm64, r-release-macos-x86_64, r-release-windows-x86_64, r-oldrel-macos-arm64, r-oldrel-macos-x86_64, r-oldrel-windows-x86_64
These binaries (installable software) and packages are in development.
They may not be fully stable and should be used with caution. We make no claims about them.