Last updated on 2025-10-25 01:51:03 CEST.
| Flavor | Version | Tinstall | Tcheck | Ttotal | Status | Flags |
|---|---|---|---|---|---|---|
| r-devel-linux-x86_64-debian-clang | 0.1.1 | 31.03 | 275.22 | 306.25 | OK | |
| r-devel-linux-x86_64-debian-gcc | 0.1.1 | 21.12 | 192.49 | 213.61 | OK | |
| r-devel-linux-x86_64-fedora-clang | 0.1.1 | 176.00 | 321.76 | 497.76 | OK | |
| r-devel-linux-x86_64-fedora-gcc | 0.1.1 | 121.00 | 364.29 | 485.29 | OK | |
| r-devel-windows-x86_64 | 0.1.1 | 32.00 | 243.00 | 275.00 | OK | |
| r-patched-linux-x86_64 | 0.1.1 | 30.83 | 261.66 | 292.49 | OK | |
| r-release-linux-x86_64 | 0.1.1 | 27.12 | 259.10 | 286.22 | OK | |
| r-release-macos-arm64 | 0.1.1 | 16.00 | 127.00 | 143.00 | OK | |
| r-release-macos-x86_64 | 0.1.1 | 31.00 | 224.00 | 255.00 | OK | |
| r-release-windows-x86_64 | 0.1.1 | 32.00 | 244.00 | 276.00 | OK | |
| r-oldrel-macos-arm64 | 0.1.1 | 13.00 | 108.00 | 121.00 | NOTE | |
| r-oldrel-macos-x86_64 | 0.1.1 | 21.00 | 191.00 | 212.00 | NOTE | |
| r-oldrel-windows-x86_64 | 0.1.1 | 42.00 | 322.00 | 364.00 | NOTE |
Version: 0.1.1
Check: package dependencies
Result: NOTE
Package suggested but not available for checking: ‘microViz’
Flavors: r-oldrel-macos-arm64, r-oldrel-macos-x86_64, r-oldrel-windows-x86_64
These binaries (installable software) and packages are in development.
They may not be fully stable and should be used with caution. We make no claims about them.