Last updated on 2025-02-16 10:50:48 CET.
Flavor | Version | Tinstall | Tcheck | Ttotal | Status | Flags |
---|---|---|---|---|---|---|
r-devel-linux-x86_64-debian-clang | 0.1.1 | 29.45 | 265.85 | 295.30 | OK | |
r-devel-linux-x86_64-debian-gcc | 0.1.1 | 21.95 | 180.92 | 202.87 | OK | |
r-devel-linux-x86_64-fedora-clang | 0.1.1 | 497.22 | OK | |||
r-devel-linux-x86_64-fedora-gcc | 0.1.1 | 440.41 | OK | |||
r-devel-macos-arm64 | 0.1.1 | 131.00 | OK | |||
r-devel-macos-x86_64 | 0.1.1 | 262.00 | OK | |||
r-devel-windows-x86_64 | 0.1.1 | 29.00 | 239.00 | 268.00 | OK | |
r-patched-linux-x86_64 | 0.1.1 | 27.16 | 241.07 | 268.23 | NOTE | |
r-release-linux-x86_64 | 0.1.1 | 27.78 | 242.41 | 270.19 | NOTE | |
r-release-macos-arm64 | 0.1.1 | 121.00 | NOTE | |||
r-release-macos-x86_64 | 0.1.1 | 212.00 | NOTE | |||
r-release-windows-x86_64 | 0.1.1 | 28.00 | 236.00 | 264.00 | NOTE | |
r-oldrel-macos-arm64 | 0.1.1 | 136.00 | NOTE | |||
r-oldrel-macos-x86_64 | 0.1.1 | 432.00 | NOTE | |||
r-oldrel-windows-x86_64 | 0.1.1 | 40.00 | 299.00 | 339.00 | NOTE |
Version: 0.1.1
Check: package dependencies
Result: NOTE
Package suggested but not available for checking: ‘microViz’
Flavors: r-patched-linux-x86_64, r-release-linux-x86_64, r-release-macos-arm64, r-release-macos-x86_64, r-release-windows-x86_64, r-oldrel-macos-arm64, r-oldrel-macos-x86_64, r-oldrel-windows-x86_64
These binaries (installable software) and packages are in development.
They may not be fully stable and should be used with caution. We make no claims about them.