Last updated on 2025-05-01 12:49:30 CEST.
Flavor | Version | Tinstall | Tcheck | Ttotal | Status | Flags |
---|---|---|---|---|---|---|
r-devel-linux-x86_64-debian-clang | 0.1.1 | 30.59 | 263.09 | 293.68 | NOTE | |
r-devel-linux-x86_64-debian-gcc | 0.1.1 | 20.92 | 192.62 | 213.54 | OK | |
r-devel-linux-x86_64-fedora-clang | 0.1.1 | 484.03 | OK | |||
r-devel-linux-x86_64-fedora-gcc | 0.1.1 | 416.63 | OK | |||
r-devel-windows-x86_64 | 0.1.1 | 29.00 | 230.00 | 259.00 | OK | |
r-patched-linux-x86_64 | 0.1.1 | 27.88 | 247.46 | 275.34 | OK | |
r-release-linux-x86_64 | OK | |||||
r-release-macos-arm64 | 0.1.1 | 143.00 | OK | |||
r-release-macos-x86_64 | 0.1.1 | 255.00 | OK | |||
r-release-windows-x86_64 | 0.1.1 | 31.00 | 233.00 | 264.00 | OK | |
r-oldrel-macos-arm64 | 0.1.1 | 121.00 | NOTE | |||
r-oldrel-macos-x86_64 | 0.1.1 | 212.00 | NOTE | |||
r-oldrel-windows-x86_64 | 0.1.1 | 38.00 | 316.00 | 354.00 | NOTE |
Version: 0.1.1
Check: examples
Result: NOTE
Examples with CPU (user + system) or elapsed time > 5s
user system elapsed
FourHnull 5.84 0.173 7.1
Flavor: r-devel-linux-x86_64-debian-clang
Version: 0.1.1
Check: package dependencies
Result: NOTE
Package suggested but not available for checking: ‘microViz’
Flavors: r-oldrel-macos-arm64, r-oldrel-macos-x86_64, r-oldrel-windows-x86_64
These binaries (installable software) and packages are in development.
They may not be fully stable and should be used with caution. We make no claims about them.