CRAN Package Check Results for Package IBDsim

Last updated on 2025-02-16 10:50:48 CET.

Flavor Version Tinstall Tcheck Ttotal Status Flags
r-devel-linux-x86_64-debian-clang 0.9-8 8.37 60.34 68.71 NOTE
r-devel-linux-x86_64-debian-gcc 0.9-8 6.00 46.33 52.33 NOTE
r-devel-linux-x86_64-fedora-clang 0.9-8 113.86 OK
r-devel-linux-x86_64-fedora-gcc 0.9-8 103.56 OK
r-devel-macos-arm64 0.9-8 32.00 OK
r-devel-macos-x86_64 0.9-8 55.00 OK
r-devel-windows-x86_64 0.9-8 11.00 75.00 86.00 NOTE
r-patched-linux-x86_64 0.9-8 11.22 56.71 67.93 OK
r-release-linux-x86_64 0.9-8 7.64 56.49 64.13 OK
r-release-macos-arm64 0.9-8 32.00 OK
r-release-macos-x86_64 0.9-8 48.00 OK
r-release-windows-x86_64 0.9-8 12.00 77.00 89.00 OK
r-oldrel-macos-arm64 0.9-8 35.00 OK
r-oldrel-macos-x86_64 0.9-8 57.00 OK
r-oldrel-windows-x86_64 0.9-8 16.00 107.00 123.00 OK

Check Details

Version: 0.9-8
Check: Rd cross-references
Result: NOTE Found the following Rd file(s) with Rd \link{} targets missing package anchors: IBDsim.Rd: linkdat oneLocusIBD.Rd: linkdat oneLocusJacquard.Rd: jacquard, linkdat twoLocusIBD.Rd: linkdat twoLocusJacquard.Rd: linkdat, jacquard Please provide package anchors for all Rd \link{} targets not in the package itself and the base packages. Flavors: r-devel-linux-x86_64-debian-clang, r-devel-linux-x86_64-debian-gcc, r-devel-windows-x86_64

These binaries (installable software) and packages are in development.
They may not be fully stable and should be used with caution. We make no claims about them.