Last updated on 2025-05-01 10:50:12 CEST.
Flavor | Version | Tinstall | Tcheck | Ttotal | Status | Flags |
---|---|---|---|---|---|---|
r-devel-linux-x86_64-debian-clang | 1.3.1 | 2.15 | 34.17 | 36.32 | NOTE | |
r-devel-linux-x86_64-debian-gcc | 1.3.1 | 1.82 | 24.97 | 26.79 | NOTE | |
r-devel-linux-x86_64-fedora-clang | 1.3.1 | 56.85 | OK | |||
r-devel-linux-x86_64-fedora-gcc | 1.3.1 | 55.82 | OK | |||
r-devel-windows-x86_64 | 1.3.1 | 3.00 | 57.00 | 60.00 | OK | |
r-patched-linux-x86_64 | 1.3.1 | 2.39 | 32.74 | 35.13 | OK | |
r-release-linux-x86_64 | OK | |||||
r-release-macos-arm64 | 1.3.1 | 25.00 | OK | |||
r-release-macos-x86_64 | 1.3.1 | 40.00 | OK | |||
r-release-windows-x86_64 | 1.3.1 | 4.00 | 60.00 | 64.00 | OK | |
r-oldrel-macos-arm64 | 1.3.1 | 20.00 | OK | |||
r-oldrel-macos-x86_64 | 1.3.1 | 29.00 | OK | |||
r-oldrel-windows-x86_64 | 1.3.1 | 3.00 | 60.00 | 63.00 | OK |
Version: 1.3.1
Check: CRAN incoming feasibility
Result: NOTE
Maintainer: ‘Yufang Qin <yfqin@shou.edu.cn>’
No Authors@R field in DESCRIPTION.
Please add one, modifying
Authors@R: person(given = "Yufang",
family = "Qin",
role = c("aut", "cre"),
email = "yfqin@shou.edu.cn")
as necessary.
Flavors: r-devel-linux-x86_64-debian-clang, r-devel-linux-x86_64-debian-gcc
Version: 1.3.1
Check: examples
Result: NOTE
Examples with CPU (user + system) or elapsed time > 5s
user system elapsed
InfiniumClust 9.272 0.007 11.397
Flavor: r-devel-linux-x86_64-debian-clang
Version: 1.3.1
Check: examples
Result: NA
user system elapsed
InfiniumClust 5.357 0.004 6.394
OK
Flavor: r-devel-linux-x86_64-debian-gcc
These binaries (installable software) and packages are in development.
They may not be fully stable and should be used with caution. We make no claims about them.