Last updated on 2025-05-01 14:49:13 CEST.
Flavor | Version | Tinstall | Tcheck | Ttotal | Status | Flags |
---|---|---|---|---|---|---|
r-devel-linux-x86_64-debian-clang | 0.10.2 | 3.47 | 39.63 | 43.10 | OK | |
r-devel-linux-x86_64-debian-gcc | 0.10.2 | 2.48 | 31.63 | 34.11 | OK | |
r-devel-linux-x86_64-fedora-clang | 0.10.2 | 70.68 | NOTE | |||
r-devel-linux-x86_64-fedora-gcc | 0.10.2 | 78.58 | NOTE | |||
r-devel-windows-x86_64 | 0.10.2 | 7.00 | 61.00 | 68.00 | OK | |
r-patched-linux-x86_64 | 0.10.2 | 3.77 | 37.36 | 41.13 | OK | |
r-release-linux-x86_64 | OK | |||||
r-release-macos-arm64 | 0.10.2 | 35.00 | OK | |||
r-release-macos-x86_64 | 0.10.2 | 57.00 | OK | |||
r-release-windows-x86_64 | 0.10.2 | 7.00 | 62.00 | 69.00 | OK | |
r-oldrel-macos-arm64 | 0.10.2 | 31.00 | NOTE | |||
r-oldrel-macos-x86_64 | 0.10.2 | 61.00 | NOTE | |||
r-oldrel-windows-x86_64 | 0.10.2 | 7.00 | 71.00 | 78.00 | NOTE |
Version: 0.10.2
Check: dependencies in R code
Result: NOTE
Namespace in Imports field not imported from: ‘ids’
All declared Imports should be used.
Flavors: r-devel-linux-x86_64-fedora-clang, r-devel-linux-x86_64-fedora-gcc
Version: 0.10.2
Check: installed package size
Result: NOTE
installed size is 6.1Mb
sub-directories of 1Mb or more:
htmlwidgets 5.7Mb
Flavors: r-oldrel-macos-arm64, r-oldrel-macos-x86_64, r-oldrel-windows-x86_64
These binaries (installable software) and packages are in development.
They may not be fully stable and should be used with caution. We make no claims about them.