CRAN Package Check Results for Package KRIS

Last updated on 2025-05-08 04:52:08 CEST.

Flavor Version Tinstall Tcheck Ttotal Status Flags
r-devel-linux-x86_64-debian-clang 1.1.6 7.74 66.14 73.88 NOTE
r-devel-linux-x86_64-debian-gcc 1.1.6 5.29 48.80 54.09 NOTE
r-devel-linux-x86_64-fedora-clang 1.1.6 119.37 OK
r-devel-linux-x86_64-fedora-gcc 1.1.6 116.23 OK
r-devel-windows-x86_64 1.1.6 8.00 77.00 85.00 OK
r-patched-linux-x86_64 1.1.6 7.84 63.16 71.00 OK
r-release-linux-x86_64 1.1.6 6.51 62.49 69.00 OK
r-release-macos-arm64 1.1.6 36.00 OK
r-release-macos-x86_64 1.1.6 71.00 OK
r-release-windows-x86_64 1.1.6 9.00 77.00 86.00 OK
r-oldrel-macos-arm64 1.1.6 35.00 OK
r-oldrel-macos-x86_64 1.1.6 57.00 OK
r-oldrel-windows-x86_64 1.1.6 10.00 95.00 105.00 OK

Check Details

Version: 1.1.6
Check: CRAN incoming feasibility
Result: NOTE Maintainer: ‘Kridsadakorn Chaichoompu <kridsadakorn@biostatgen.org>’ Package CITATION file contains call(s) to old-style personList() or as.personList(). Please use c() on person objects instead. Package CITATION file contains call(s) to old-style citEntry(). Please use bibentry() instead. Flavors: r-devel-linux-x86_64-debian-clang, r-devel-linux-x86_64-debian-gcc

These binaries (installable software) and packages are in development.
They may not be fully stable and should be used with caution. We make no claims about them.