Last updated on 2024-07-27 15:50:22 CEST.
Flavor | Version | Tinstall | Tcheck | Ttotal | Status | Flags |
---|---|---|---|---|---|---|
r-devel-linux-x86_64-debian-clang | 1.0.2 | 12.71 | 298.36 | 311.07 | OK | |
r-devel-linux-x86_64-debian-gcc | 1.0.2 | OK | ||||
r-devel-linux-x86_64-fedora-clang | 1.0.2 | 420.70 | OK | |||
r-devel-linux-x86_64-fedora-gcc | 1.0.2 | 371.92 | OK | |||
r-devel-windows-x86_64 | 1.0.2 | 41.00 | 220.00 | 261.00 | OK | |
r-patched-linux-x86_64 | 1.0.2 | OK | ||||
r-release-linux-x86_64 | 1.0.2 | 6.71 | 280.02 | 286.73 | OK | |
r-release-macos-arm64 | 1.0.2 | 134.00 | OK | |||
r-release-macos-x86_64 | 1.0.2 | 232.00 | OK | |||
r-release-windows-x86_64 | 1.0.2 | 40.00 | 226.00 | 266.00 | OK | |
r-oldrel-macos-arm64 | 1.0.2 | 48.00 | NOTE | |||
r-oldrel-macos-x86_64 | 1.0.2 | 82.00 | NOTE | |||
r-oldrel-windows-x86_64 | 1.0.2 | 53.00 | 281.00 | 334.00 | OK |
Version: 1.0.2
Check: package dependencies
Result: NOTE
Packages suggested but not available for checking: 'xcms', 'MSnbase'
Flavors: r-oldrel-macos-arm64, r-oldrel-macos-x86_64
These binaries (installable software) and packages are in development.
They may not be fully stable and should be used with caution. We make no claims about them.