CRAN Package Check Results for Package LPmerge

Last updated on 2025-11-14 09:50:06 CET.

Flavor Version Tinstall Tcheck Ttotal Status Flags
r-devel-linux-x86_64-debian-clang 1.7 6.08 51.48 57.56 NOTE
r-devel-linux-x86_64-debian-gcc 1.7 5.15 39.88 45.03 NOTE
r-devel-linux-x86_64-fedora-clang 1.7 60.00 34.90 94.90 OK
r-devel-linux-x86_64-fedora-gcc 1.7 22.00 65.48 87.48 OK
r-devel-windows-x86_64 1.7 7.00 62.00 69.00 OK
r-patched-linux-x86_64 1.7 6.39 49.40 55.79 OK
r-release-linux-x86_64 1.7 5.93 49.06 54.99 OK
r-release-macos-arm64 1.7 3.00 32.00 35.00 OK
r-release-macos-x86_64 1.7 6.00 45.00 51.00 OK
r-release-windows-x86_64 1.7 6.00 59.00 65.00 OK
r-oldrel-macos-arm64 1.7 3.00 25.00 28.00 OK
r-oldrel-macos-x86_64 1.7 4.00 36.00 40.00 OK
r-oldrel-windows-x86_64 1.7 9.00 69.00 78.00 OK

Check Details

Version: 1.7
Check: CRAN incoming feasibility
Result: NOTE Maintainer: ‘Jeffrey Endelman <endelman@wisc.edu>’ No Authors@R field in DESCRIPTION. Please add one, modifying Authors@R: person(given = "Jeffrey", family = "Endelman", role = c("aut", "cre"), email = "endelman@wisc.edu") as necessary. Package CITATION file contains call(s) to old-style personList() or as.personList(). Please use c() on person objects instead. Package CITATION file contains call(s) to old-style citEntry(). Please use bibentry() instead. Flavors: r-devel-linux-x86_64-debian-clang, r-devel-linux-x86_64-debian-gcc

These binaries (installable software) and packages are in development.
They may not be fully stable and should be used with caution. We make no claims about them.