CRAN Package Check Results for Package MARVEL

Last updated on 2025-10-23 15:49:59 CEST.

Flavor Version Tinstall Tcheck Ttotal Status Flags
r-devel-linux-x86_64-debian-clang 1.4.0 21.97 295.13 317.10 OK
r-devel-linux-x86_64-debian-gcc 1.4.0 17.17 198.24 215.41 OK
r-devel-linux-x86_64-fedora-clang 1.4.0 129.00 397.87 526.87 OK
r-devel-linux-x86_64-fedora-gcc 1.4.0 203.00 331.16 534.16 OK
r-devel-windows-x86_64 1.4.0 25.00 271.00 296.00 OK
r-patched-linux-x86_64 1.4.0 22.51 282.03 304.54 OK
r-release-linux-x86_64 1.4.0 22.40 281.68 304.08 OK
r-release-macos-arm64 1.4.0 10.00 153.00 163.00 OK
r-release-macos-x86_64 1.4.0 19.00 226.00 245.00 OK
r-release-windows-x86_64 1.4.0 24.00 269.00 293.00 OK
r-oldrel-macos-arm64 1.4.0 11.00 111.00 122.00 NOTE
r-oldrel-macos-x86_64 1.4.0 14.00 179.00 193.00 NOTE
r-oldrel-windows-x86_64 1.4.0 34.00 354.00 388.00 OK

Additional issues

noSuggests

Check Details

Version: 1.4.0
Check: package dependencies
Result: NOTE Packages suggested but not available for checking: 'BSgenome.Hsapiens.NCBI.GRCh38', 'org.Mm.eg.db', 'wiggleplotr' Flavor: r-oldrel-macos-arm64

Version: 1.4.0
Check: package dependencies
Result: NOTE Packages suggested but not available for checking: 'BSgenome.Hsapiens.NCBI.GRCh38', 'wiggleplotr' Flavor: r-oldrel-macos-x86_64

These binaries (installable software) and packages are in development.
They may not be fully stable and should be used with caution. We make no claims about them.