Last updated on 2025-07-02 03:50:45 CEST.
Flavor | Version | Tinstall | Tcheck | Ttotal | Status | Flags |
---|---|---|---|---|---|---|
r-devel-linux-x86_64-debian-clang | 1.4.0 | 22.50 | 270.04 | 292.54 | OK | |
r-devel-linux-x86_64-debian-gcc | 1.4.0 | 14.73 | 179.72 | 194.45 | OK | |
r-devel-linux-x86_64-fedora-clang | 1.4.0 | 485.25 | OK | |||
r-devel-linux-x86_64-fedora-gcc | 1.4.0 | 469.06 | OK | |||
r-devel-windows-x86_64 | 1.4.0 | 26.00 | 256.00 | 282.00 | OK | |
r-patched-linux-x86_64 | OK | |||||
r-release-linux-x86_64 | 1.4.0 | 23.47 | 255.80 | 279.27 | OK | |
r-release-macos-arm64 | 1.4.0 | 163.00 | OK | |||
r-release-macos-x86_64 | 1.4.0 | 245.00 | OK | |||
r-release-windows-x86_64 | 1.4.0 | 23.00 | 254.00 | 277.00 | OK | |
r-oldrel-macos-arm64 | 1.4.0 | 122.00 | NOTE | |||
r-oldrel-macos-x86_64 | 1.4.0 | 193.00 | NOTE | |||
r-oldrel-windows-x86_64 | 1.4.0 | 32.00 | 331.00 | 363.00 | OK |
Version: 1.4.0
Check: package dependencies
Result: NOTE
Packages suggested but not available for checking:
'BSgenome.Hsapiens.NCBI.GRCh38', 'org.Mm.eg.db', 'wiggleplotr'
Flavor: r-oldrel-macos-arm64
Version: 1.4.0
Check: package dependencies
Result: NOTE
Packages suggested but not available for checking:
'BSgenome.Hsapiens.NCBI.GRCh38', 'wiggleplotr'
Flavor: r-oldrel-macos-x86_64
These binaries (installable software) and packages are in development.
They may not be fully stable and should be used with caution. We make no claims about them.