CRAN Package Check Results for Package MCL

Last updated on 2025-07-19 13:50:16 CEST.

Flavor Version Tinstall Tcheck Ttotal Status Flags
r-devel-linux-x86_64-debian-clang 1.0 5.67 47.90 53.57 NOTE
r-devel-linux-x86_64-debian-gcc 1.0 4.59 37.12 41.71 NOTE
r-devel-linux-x86_64-fedora-clang 1.0 86.42 OK
r-devel-linux-x86_64-fedora-gcc 1.0 78.06 OK
r-devel-windows-x86_64 1.0 6.00 61.00 67.00 OK
r-patched-linux-x86_64 1.0 6.07 46.07 52.14 OK
r-release-linux-x86_64 1.0 5.89 46.08 51.97 OK
r-release-macos-arm64 1.0 30.00 OK
r-release-macos-x86_64 1.0 76.00 OK
r-release-windows-x86_64 1.0 6.00 60.00 66.00 OK
r-oldrel-macos-arm64 1.0 29.00 OK
r-oldrel-macos-x86_64 1.0 39.00 OK
r-oldrel-windows-x86_64 1.0 8.00 69.00 77.00 OK

Check Details

Version: 1.0
Check: CRAN incoming feasibility
Result: NOTE Maintainer: ‘Ronja Foraita <foraita@bips.uni-bremen.de>’ No Authors@R field in DESCRIPTION. Please add one, modifying Authors@R: c(person(given = c("Martin", "L."), family = "Jäger", role = "aut"), person(given = "Ronja", family = "Foraita", role = "cre", email = "foraita@bips.uni-bremen.de")) as necessary. Flavors: r-devel-linux-x86_64-debian-clang, r-devel-linux-x86_64-debian-gcc

These binaries (installable software) and packages are in development.
They may not be fully stable and should be used with caution. We make no claims about them.