CRAN Package Check Results for Package MCL

Last updated on 2025-05-03 22:49:59 CEST.

Flavor Version Tinstall Tcheck Ttotal Status Flags
r-devel-linux-x86_64-debian-clang 1.0 5.11 48.05 53.16 NOTE
r-devel-linux-x86_64-debian-gcc 1.0 3.98 36.54 40.52 NOTE
r-devel-linux-x86_64-fedora-clang 1.0 82.53 OK
r-devel-linux-x86_64-fedora-gcc 1.0 79.80 OK
r-devel-windows-x86_64 1.0 6.00 82.00 88.00 OK
r-patched-linux-x86_64 1.0 6.08 45.48 51.56 OK
r-release-linux-x86_64 OK
r-release-macos-arm64 1.0 30.00 OK
r-release-macos-x86_64 1.0 76.00 OK
r-release-windows-x86_64 1.0 6.00 63.00 69.00 OK
r-oldrel-macos-arm64 1.0 29.00 OK
r-oldrel-macos-x86_64 1.0 39.00 OK
r-oldrel-windows-x86_64 1.0 8.00 70.00 78.00 OK

Check Details

Version: 1.0
Check: CRAN incoming feasibility
Result: NOTE Maintainer: ‘Ronja Foraita <foraita@bips.uni-bremen.de>’ No Authors@R field in DESCRIPTION. Please add one, modifying Authors@R: c(person(given = c("Martin", "L."), family = "Jäger", role = "aut"), person(given = "Ronja", family = "Foraita", role = "cre", email = "foraita@bips.uni-bremen.de")) as necessary. Flavors: r-devel-linux-x86_64-debian-clang, r-devel-linux-x86_64-debian-gcc

These binaries (installable software) and packages are in development.
They may not be fully stable and should be used with caution. We make no claims about them.