CRAN Package Check Results for Package MDMAPR

Last updated on 2025-05-23 01:51:01 CEST.

Flavor Version Tinstall Tcheck Ttotal Status Flags
r-devel-linux-x86_64-debian-clang 0.2.3 14.55 82.65 97.20 NOTE
r-devel-linux-x86_64-debian-gcc 0.2.3 9.06 58.62 67.68 NOTE
r-devel-linux-x86_64-fedora-clang 0.2.3 150.37 OK
r-devel-linux-x86_64-fedora-gcc 0.2.3 142.77 OK
r-devel-windows-x86_64 0.2.3 16.00 88.00 104.00 OK
r-patched-linux-x86_64 0.2.3 12.30 76.43 88.73 OK
r-release-linux-x86_64 0.2.3 14.71 77.08 91.79 OK
r-release-macos-arm64 0.2.3 37.00 OK
r-release-macos-x86_64 0.2.3 71.00 OK
r-release-windows-x86_64 0.2.3 16.00 85.00 101.00 OK
r-oldrel-macos-arm64 0.2.3 38.00 OK
r-oldrel-macos-x86_64 0.2.3 60.00 OK
r-oldrel-windows-x86_64 0.2.3 20.00 106.00 126.00 OK

Check Details

Version: 0.2.3
Check: CRAN incoming feasibility
Result: NOTE Maintainer: ‘Alka Benawra <alkabenawra@rogers.com>’ No Authors@R field in DESCRIPTION. Please add one, modifying Authors@R: person(given = "Alka", family = "Benawra", role = c("aut", "cre"), email = "alkabenawra@rogers.com") as necessary. Flavors: r-devel-linux-x86_64-debian-clang, r-devel-linux-x86_64-debian-gcc

These binaries (installable software) and packages are in development.
They may not be fully stable and should be used with caution. We make no claims about them.