Last updated on 2025-11-11 17:50:05 CET.
| Flavor | Version | Tinstall | Tcheck | Ttotal | Status | Flags |
|---|---|---|---|---|---|---|
| r-devel-linux-x86_64-debian-clang | 1.3.7 | 32.53 | 180.70 | 213.23 | NOTE | |
| r-devel-linux-x86_64-debian-gcc | 1.3.7 | 24.51 | 129.82 | 154.33 | NOTE | |
| r-devel-linux-x86_64-fedora-clang | 1.3.7 | 177.00 | 192.88 | 369.88 | NOTE | |
| r-devel-linux-x86_64-fedora-gcc | 1.3.7 | 100.00 | 246.83 | 346.83 | NOTE | |
| r-devel-windows-x86_64 | 1.3.7 | 37.00 | 234.00 | 271.00 | OK | |
| r-patched-linux-x86_64 | 1.3.7 | 32.47 | 171.07 | 203.54 | NOTE | |
| r-release-linux-x86_64 | 1.3.7 | 31.60 | 172.76 | 204.36 | NOTE | |
| r-release-macos-arm64 | 1.3.7 | 14.00 | 98.00 | 112.00 | OK | |
| r-release-macos-x86_64 | 1.3.7 | 28.00 | 215.00 | 243.00 | OK | |
| r-release-windows-x86_64 | 1.3.7 | 35.00 | 226.00 | 261.00 | OK | |
| r-oldrel-macos-arm64 | 1.3.7 | 14.00 | 95.00 | 109.00 | OK | |
| r-oldrel-macos-x86_64 | 1.3.7 | 21.00 | 206.00 | 227.00 | OK | |
| r-oldrel-windows-x86_64 | 1.3.7 | 47.00 | 322.00 | 369.00 | OK |
Version: 1.3.7
Check: CRAN incoming feasibility
Result: NOTE
Maintainer: ‘Won-Min Song <wonmin1984@gmail.com>’
No Authors@R field in DESCRIPTION.
Please add one, modifying
Authors@R: c(person(given = "Won-Min",
family = "Song",
role = c("aut", "cre"),
email = "wonmin1984@gmail.com"),
person(given = "Bin",
family = "Zhang",
role = "aut"))
as necessary.
Flavors: r-devel-linux-x86_64-debian-clang, r-devel-linux-x86_64-debian-gcc
Version: 1.3.7
Check: for non-standard things in the check directory
Result: NOTE
Found the following files/directories:
‘Data_Correlation.txt’ ‘correlation_FDR_table.txt’
Flavors: r-devel-linux-x86_64-debian-clang, r-devel-linux-x86_64-debian-gcc, r-devel-linux-x86_64-fedora-clang, r-devel-linux-x86_64-fedora-gcc, r-patched-linux-x86_64, r-release-linux-x86_64
These binaries (installable software) and packages are in development.
They may not be fully stable and should be used with caution. We make no claims about them.