Last updated on 2025-05-01 17:56:08 CEST.
Flavor | Version | Tinstall | Tcheck | Ttotal | Status | Flags |
---|---|---|---|---|---|---|
r-devel-linux-x86_64-debian-clang | 0.7 | 10.45 | 129.29 | 139.74 | NOTE | |
r-devel-linux-x86_64-debian-gcc | 0.7 | 8.21 | 90.75 | 98.96 | OK | |
r-devel-linux-x86_64-fedora-clang | 0.7 | 237.08 | OK | |||
r-devel-linux-x86_64-fedora-gcc | 0.7 | 220.85 | OK | |||
r-devel-windows-x86_64 | 0.7 | 13.00 | 125.00 | 138.00 | OK | |
r-patched-linux-x86_64 | 0.7 | 12.08 | 121.19 | 133.27 | OK | |
r-release-linux-x86_64 | OK | |||||
r-release-macos-arm64 | 0.7 | 64.00 | OK | |||
r-release-macos-x86_64 | 0.7 | 132.00 | OK | |||
r-release-windows-x86_64 | 0.7 | 12.00 | 125.00 | 137.00 | OK | |
r-oldrel-macos-arm64 | 0.7 | 60.00 | OK | |||
r-oldrel-macos-x86_64 | 0.7 | 90.00 | OK | |||
r-oldrel-windows-x86_64 | 0.7 | 16.00 | 162.00 | 178.00 | OK |
Version: 0.7
Check: examples
Result: NOTE
Examples with CPU (user + system) or elapsed time > 5s
user system elapsed
corPlot 6.064 0.001 6.598
Flavor: r-devel-linux-x86_64-debian-clang
These binaries (installable software) and packages are in development.
They may not be fully stable and should be used with caution. We make no claims about them.