Last updated on 2025-02-23 07:52:00 CET.
Flavor | Version | Tinstall | Tcheck | Ttotal | Status | Flags |
---|---|---|---|---|---|---|
r-devel-linux-x86_64-debian-clang | 1.1.2 | 6.45 | 58.19 | 64.64 | OK | |
r-devel-linux-x86_64-debian-gcc | 1.1.2 | 4.03 | 39.28 | 43.31 | OK | |
r-devel-linux-x86_64-fedora-clang | 1.1.2 | 97.42 | OK | |||
r-devel-linux-x86_64-fedora-gcc | 1.1.2 | 91.02 | OK | |||
r-devel-macos-arm64 | 1.1.2 | 29.00 | OK | |||
r-devel-macos-x86_64 | 1.1.2 | 54.00 | OK | |||
r-devel-windows-x86_64 | 1.1.2 | 7.00 | 69.00 | 76.00 | OK | |
r-patched-linux-x86_64 | 1.1.2 | 4.45 | 51.68 | 56.13 | NOTE | |
r-release-linux-x86_64 | 1.1.2 | 4.88 | 51.24 | 56.12 | NOTE | |
r-release-macos-arm64 | 1.1.2 | 28.00 | NOTE | |||
r-release-macos-x86_64 | 1.1.2 | 45.00 | NOTE | |||
r-release-windows-x86_64 | 1.1.2 | 8.00 | 67.00 | 75.00 | NOTE | |
r-oldrel-macos-arm64 | 1.1.2 | 40.00 | NOTE | |||
r-oldrel-macos-x86_64 | 1.1.2 | 45.00 | NOTE | |||
r-oldrel-windows-x86_64 | 1.1.2 | 9.00 | 80.00 | 89.00 | NOTE |
Version: 1.1.2
Check: LazyData
Result: NOTE
'LazyData' is specified without a 'data' directory
Flavors: r-patched-linux-x86_64, r-release-linux-x86_64, r-release-macos-arm64, r-release-macos-x86_64, r-release-windows-x86_64, r-oldrel-macos-arm64, r-oldrel-macos-x86_64, r-oldrel-windows-x86_64
These binaries (installable software) and packages are in development.
They may not be fully stable and should be used with caution. We make no claims about them.