CRAN Package Check Results for Package MetaComp

Last updated on 2025-07-17 01:49:52 CEST.

Flavor Version Tinstall Tcheck Ttotal Status Flags
r-devel-linux-x86_64-debian-clang 1.1.2 5.43 60.31 65.74 OK
r-devel-linux-x86_64-debian-gcc 1.1.2 4.16 42.16 46.32 OK
r-devel-linux-x86_64-fedora-clang 1.1.2 98.95 OK
r-devel-linux-x86_64-fedora-gcc 1.1.2 91.95 OK
r-devel-windows-x86_64 1.1.2 8.00 70.00 78.00 OK
r-patched-linux-x86_64 1.1.2 4.62 53.30 57.92 OK
r-release-linux-x86_64 1.1.2 5.01 52.93 57.94 OK
r-release-macos-arm64 1.1.2 32.00 OK
r-release-macos-x86_64 1.1.2 50.00 OK
r-release-windows-x86_64 1.1.2 8.00 68.00 76.00 OK
r-oldrel-macos-arm64 1.1.2 28.00 NOTE
r-oldrel-macos-x86_64 1.1.2 45.00 NOTE
r-oldrel-windows-x86_64 1.1.2 8.00 84.00 92.00 NOTE

Check Details

Version: 1.1.2
Check: LazyData
Result: NOTE 'LazyData' is specified without a 'data' directory Flavors: r-oldrel-macos-arm64, r-oldrel-macos-x86_64, r-oldrel-windows-x86_64

These binaries (installable software) and packages are in development.
They may not be fully stable and should be used with caution. We make no claims about them.