CRAN Package Check Results for Package MetaComp

Last updated on 2025-10-03 03:50:47 CEST.

Flavor Version Tinstall Tcheck Ttotal Status Flags
r-devel-linux-x86_64-debian-clang 1.1.2 5.55 67.48 73.03 OK
r-devel-linux-x86_64-debian-gcc 1.1.2 3.40 45.62 49.02 OK
r-devel-linux-x86_64-fedora-clang 1.1.2 108.06 OK
r-devel-linux-x86_64-fedora-gcc 1.1.2 108.38 OK
r-devel-windows-x86_64 1.1.2 8.00 73.00 81.00 OK
r-patched-linux-x86_64 1.1.2 4.92 60.46 65.38 OK
r-release-linux-x86_64 1.1.2 4.24 60.15 64.39 OK
r-release-macos-arm64 1.1.2 32.00 OK
r-release-macos-x86_64 1.1.2 50.00 OK
r-release-windows-x86_64 1.1.2 8.00 75.00 83.00 OK
r-oldrel-macos-arm64 1.1.2 28.00 NOTE
r-oldrel-macos-x86_64 1.1.2 45.00 NOTE
r-oldrel-windows-x86_64 1.1.2 9.00 90.00 99.00 NOTE

Check Details

Version: 1.1.2
Check: LazyData
Result: NOTE 'LazyData' is specified without a 'data' directory Flavors: r-oldrel-macos-arm64, r-oldrel-macos-x86_64, r-oldrel-windows-x86_64

These binaries (installable software) and packages are in development.
They may not be fully stable and should be used with caution. We make no claims about them.