Last updated on 2025-11-13 17:50:39 CET.
| Flavor | Version | Tinstall | Tcheck | Ttotal | Status | Flags |
|---|---|---|---|---|---|---|
| r-devel-linux-x86_64-debian-clang | 0.1.0 | 67.85 | 531.38 | 599.23 | OK | |
| r-devel-linux-x86_64-debian-gcc | 0.1.0 | 50.03 | 334.02 | 384.05 | OK | |
| r-devel-linux-x86_64-fedora-clang | 0.1.0 | 160.00 | 789.65 | 949.65 | OK | |
| r-devel-linux-x86_64-fedora-gcc | 0.1.0 | 169.00 | 766.33 | 935.33 | OK | |
| r-devel-windows-x86_64 | 0.1.0 | 68.00 | 439.00 | 507.00 | OK | |
| r-patched-linux-x86_64 | 0.1.0 | 74.59 | 500.89 | 575.48 | OK | |
| r-release-linux-x86_64 | 0.1.0 | 67.88 | 503.94 | 571.82 | OK | |
| r-release-macos-arm64 | 0.1.0 | 45.00 | 191.00 | 236.00 | OK | |
| r-release-macos-x86_64 | 0.1.0 | 86.00 | 311.00 | 397.00 | OK | |
| r-release-windows-x86_64 | 0.1.0 | 68.00 | 428.00 | 496.00 | OK | |
| r-oldrel-macos-arm64 | 0.1.0 | 49.00 | 189.00 | 238.00 | NOTE | |
| r-oldrel-macos-x86_64 | 0.1.0 | 103.00 | 397.00 | 500.00 | NOTE | |
| r-oldrel-windows-x86_64 | 0.1.0 | 102.00 | 649.00 | 751.00 | NOTE |
Version: 0.1.0
Check: installed package size
Result: NOTE
installed size is 6.7Mb
sub-directories of 1Mb or more:
data 4.6Mb
help 1.6Mb
Flavors: r-oldrel-macos-arm64, r-oldrel-macos-x86_64, r-oldrel-windows-x86_64
These binaries (installable software) and packages are in development.
They may not be fully stable and should be used with caution. We make no claims about them.