Last updated on 2025-10-03 17:48:39 CEST.
Flavor | Version | Tinstall | Tcheck | Ttotal | Status | Flags |
---|---|---|---|---|---|---|
r-devel-linux-x86_64-debian-clang | 0.1.0 | 68.48 | 535.32 | 603.80 | OK | |
r-devel-linux-x86_64-debian-gcc | 0.1.0 | 49.48 | 329.42 | 378.90 | OK | |
r-devel-linux-x86_64-fedora-clang | 0.1.0 | 937.98 | OK | |||
r-devel-linux-x86_64-fedora-gcc | 0.1.0 | 1000.21 | OK | |||
r-devel-windows-x86_64 | 0.1.0 | 69.00 | 441.00 | 510.00 | OK | |
r-patched-linux-x86_64 | 0.1.0 | 67.56 | 507.33 | 574.89 | OK | |
r-release-linux-x86_64 | 0.1.0 | 69.18 | 504.64 | 573.82 | OK | |
r-release-macos-arm64 | 0.1.0 | 236.00 | OK | |||
r-release-macos-x86_64 | 0.1.0 | 397.00 | OK | |||
r-release-windows-x86_64 | 0.1.0 | 68.00 | 439.00 | 507.00 | OK | |
r-oldrel-macos-arm64 | 0.1.0 | 238.00 | NOTE | |||
r-oldrel-macos-x86_64 | 0.1.0 | 500.00 | NOTE | |||
r-oldrel-windows-x86_64 | 0.1.0 | 103.00 | 629.00 | 732.00 | NOTE |
Version: 0.1.0
Check: installed package size
Result: NOTE
installed size is 6.7Mb
sub-directories of 1Mb or more:
data 4.6Mb
help 1.6Mb
Flavors: r-oldrel-macos-arm64, r-oldrel-macos-x86_64, r-oldrel-windows-x86_64
These binaries (installable software) and packages are in development.
They may not be fully stable and should be used with caution. We make no claims about them.