Last updated on 2025-07-26 07:50:27 CEST.
Flavor | Version | Tinstall | Tcheck | Ttotal | Status | Flags |
---|---|---|---|---|---|---|
r-devel-linux-x86_64-debian-clang | 0.14.3 | 56.66 | 725.25 | 781.91 | OK | |
r-devel-linux-x86_64-debian-gcc | 0.14.3 | 42.40 | 511.73 | 554.13 | OK | |
r-devel-linux-x86_64-fedora-clang | 0.14.3 | 1233.81 | OK | |||
r-devel-linux-x86_64-fedora-gcc | 0.14.3 | 1199.96 | OK | |||
r-devel-windows-x86_64 | 0.14.3 | 59.00 | 683.00 | 742.00 | OK | |
r-patched-linux-x86_64 | 0.14.3 | 56.32 | 689.97 | 746.29 | OK | |
r-release-linux-x86_64 | 0.14.3 | 55.81 | 694.83 | 750.64 | OK | |
r-release-macos-arm64 | 0.14.3 | 261.00 | OK | |||
r-release-macos-x86_64 | 0.14.3 | 434.00 | OK | |||
r-release-windows-x86_64 | 0.14.3 | 59.00 | 729.00 | 788.00 | OK | |
r-oldrel-macos-arm64 | 0.14.3 | 295.00 | OK | |||
r-oldrel-macos-x86_64 | 0.14.3 | 463.00 | NOTE | |||
r-oldrel-windows-x86_64 | 0.14.3 | 79.00 | 902.00 | 981.00 | OK |
Version: 0.14.3
Check: package dependencies
Result: NOTE
Packages suggested but not available for checking: 'ANCOMBC', 'mia'
Flavor: r-oldrel-macos-x86_64
Version: 0.14.3
Check: Rd cross-references
Result: NOTE
Package unavailable to check Rd xrefs: ‘ANCOMBC’
Flavor: r-oldrel-macos-x86_64
These binaries (installable software) and packages are in development.
They may not be fully stable and should be used with caution. We make no claims about them.