Last updated on 2025-02-16 12:53:44 CET.
Flavor | Version | Tinstall | Tcheck | Ttotal | Status | Flags |
---|---|---|---|---|---|---|
r-devel-linux-x86_64-debian-clang | 1.6.64 | 48.01 | 129.88 | 177.89 | NOTE | |
r-devel-linux-x86_64-debian-gcc | 1.6.64 | 34.58 | 79.41 | 113.99 | NOTE | |
r-devel-linux-x86_64-fedora-clang | 1.6.64 | 304.49 | NOTE | |||
r-devel-linux-x86_64-fedora-gcc | 1.6.64 | 333.16 | NOTE | |||
r-devel-macos-arm64 | 1.6.64 | 67.00 | NOTE | |||
r-devel-macos-x86_64 | 1.6.64 | 187.00 | NOTE | |||
r-devel-windows-x86_64 | 1.6.64 | 44.00 | 137.00 | 181.00 | NOTE | |
r-patched-linux-x86_64 | 1.6.64 | 53.15 | 127.14 | 180.29 | NOTE | |
r-release-linux-x86_64 | 1.6.64 | 49.18 | 122.73 | 171.91 | NOTE | |
r-release-macos-arm64 | 1.6.64 | 63.00 | NOTE | |||
r-release-macos-x86_64 | 1.6.64 | 123.00 | NOTE | |||
r-release-windows-x86_64 | 1.6.64 | 44.00 | 137.00 | 181.00 | NOTE | |
r-oldrel-macos-arm64 | 1.6.64 | 71.00 | NOTE | |||
r-oldrel-macos-x86_64 | 1.6.64 | 135.00 | NOTE | |||
r-oldrel-windows-x86_64 | 1.6.64 | 46.00 | 187.00 | 233.00 | NOTE |
Version: 1.6.64
Check: Rd files
Result: NOTE
checkRd: (-1) creating.phenotypic.transform.Rd:20: Lost braces
20 | trafo <- function(x){ return(x^2)}
| ^
Flavors: r-devel-linux-x86_64-debian-clang, r-devel-linux-x86_64-debian-gcc, r-devel-linux-x86_64-fedora-clang, r-devel-linux-x86_64-fedora-gcc, r-devel-macos-arm64, r-devel-macos-x86_64, r-devel-windows-x86_64, r-patched-linux-x86_64, r-release-linux-x86_64, r-release-macos-arm64, r-release-macos-x86_64, r-release-windows-x86_64
Version: 1.6.64
Check: package dependencies
Result: NOTE
Package suggested but not available for checking: ‘alstructure’
Packages which this enhances but not available for checking:
'miraculix', 'RandomFieldsUtils', 'MoBPSmaps'
Flavors: r-patched-linux-x86_64, r-release-linux-x86_64, r-release-windows-x86_64, r-oldrel-windows-x86_64
Version: 1.6.64
Check: package dependencies
Result: NOTE
Packages suggested but not available for checking:
'doMPI', 'optiSel', 'alstructure'
Packages which this enhances but not available for checking:
'miraculix', 'RandomFieldsUtils', 'MoBPSmaps'
Flavors: r-release-macos-arm64, r-release-macos-x86_64
Version: 1.6.64
Check: package dependencies
Result: NOTE
Packages suggested but not available for checking: 'doMPI', 'alstructure'
Packages which this enhances but not available for checking:
'miraculix', 'RandomFieldsUtils', 'MoBPSmaps'
Flavors: r-oldrel-macos-arm64, r-oldrel-macos-x86_64
These binaries (installable software) and packages are in development.
They may not be fully stable and should be used with caution. We make no claims about them.