Last updated on 2025-05-01 10:50:16 CEST.
Flavor | Version | Tinstall | Tcheck | Ttotal | Status | Flags |
---|---|---|---|---|---|---|
r-devel-linux-x86_64-debian-clang | 1.6.64 | 51.24 | 132.09 | 183.33 | NOTE | |
r-devel-linux-x86_64-debian-gcc | 1.6.64 | 32.46 | 85.46 | 117.92 | NOTE | |
r-devel-linux-x86_64-fedora-clang | 1.6.64 | 348.67 | NOTE | |||
r-devel-linux-x86_64-fedora-gcc | 1.6.64 | 274.38 | NOTE | |||
r-devel-windows-x86_64 | 1.6.64 | 47.00 | 140.00 | 187.00 | NOTE | |
r-patched-linux-x86_64 | 1.6.64 | 51.40 | 129.29 | 180.69 | NOTE | |
r-release-linux-x86_64 | NOTE | |||||
r-release-macos-arm64 | 1.6.64 | 71.00 | NOTE | |||
r-release-macos-x86_64 | 1.6.64 | 187.00 | NOTE | |||
r-release-windows-x86_64 | 1.6.64 | 43.00 | 143.00 | 186.00 | NOTE | |
r-oldrel-macos-arm64 | 1.6.64 | 63.00 | NOTE | |||
r-oldrel-macos-x86_64 | 1.6.64 | 123.00 | NOTE | |||
r-oldrel-windows-x86_64 | 1.6.64 | 54.00 | 179.00 | 233.00 | NOTE |
Version: 1.6.64
Check: CRAN incoming feasibility
Result: NOTE
Maintainer: ‘Torsten Pook <torsten.pook@uni-goettingen.de>’
No Authors@R field in DESCRIPTION.
Please add one, modifying
Authors@R: person(given = "Torsten",
family = "Pook",
role = c("aut", "cre"),
email = "torsten.pook@uni-goettingen.de")
as necessary.
Flavors: r-devel-linux-x86_64-debian-clang, r-devel-linux-x86_64-debian-gcc
Version: 1.6.64
Check: Rd files
Result: NOTE
checkRd: (-1) creating.phenotypic.transform.Rd:20: Lost braces
20 | trafo <- function(x){ return(x^2)}
| ^
Flavors: r-devel-linux-x86_64-debian-clang, r-devel-linux-x86_64-debian-gcc, r-devel-linux-x86_64-fedora-clang, r-devel-linux-x86_64-fedora-gcc, r-devel-windows-x86_64, r-patched-linux-x86_64, r-release-linux-x86_64, r-release-macos-arm64, r-release-macos-x86_64, r-release-windows-x86_64, r-oldrel-macos-arm64, r-oldrel-macos-x86_64, r-oldrel-windows-x86_64
Version: 1.6.64
Check: package dependencies
Result: NOTE
Packages suggested but not available for checking:
'doMPI', 'optiSel', 'alstructure'
Packages which this enhances but not available for checking:
'miraculix', 'RandomFieldsUtils', 'MoBPSmaps'
Flavors: r-oldrel-macos-arm64, r-oldrel-macos-x86_64
Version: 1.6.64
Check: package dependencies
Result: NOTE
Package suggested but not available for checking: 'alstructure'
Packages which this enhances but not available for checking:
'miraculix', 'RandomFieldsUtils', 'MoBPSmaps'
Flavor: r-oldrel-windows-x86_64
These binaries (installable software) and packages are in development.
They may not be fully stable and should be used with caution. We make no claims about them.