Last updated on 2025-02-21 18:52:18 CET.
Flavor | Version | Tinstall | Tcheck | Ttotal | Status | Flags |
---|---|---|---|---|---|---|
r-devel-linux-x86_64-debian-clang | 1.4.1 | 13.45 | 133.19 | 146.64 | NOTE | |
r-devel-linux-x86_64-debian-gcc | 1.4.1 | 9.56 | 91.72 | 101.28 | NOTE | |
r-devel-linux-x86_64-fedora-clang | 1.4.1 | 237.37 | OK | |||
r-devel-linux-x86_64-fedora-gcc | 1.4.1 | 238.24 | OK | |||
r-devel-macos-arm64 | 1.4.1 | 62.00 | OK | |||
r-devel-macos-x86_64 | 1.4.1 | 124.00 | OK | |||
r-devel-windows-x86_64 | 1.4.1 | 15.00 | 162.00 | 177.00 | NOTE | |
r-patched-linux-x86_64 | 1.4.1 | 18.97 | 124.11 | 143.08 | OK | |
r-release-linux-x86_64 | 1.4.1 | 12.02 | 125.25 | 137.27 | OK | |
r-release-macos-arm64 | 1.4.1 | 62.00 | OK | |||
r-release-macos-x86_64 | 1.4.1 | 95.00 | OK | |||
r-release-windows-x86_64 | 1.4.1 | 13.00 | 155.00 | 168.00 | OK | |
r-oldrel-macos-arm64 | 1.4.1 | 64.00 | OK | |||
r-oldrel-macos-x86_64 | 1.4.1 | 103.00 | OK | |||
r-oldrel-windows-x86_64 | 1.4.1 | 18.00 | 178.00 | 196.00 | OK |
Version: 1.4.1
Check: Rd cross-references
Result: NOTE
Found the following Rd file(s) with Rd \link{} targets missing package
anchors:
LearningHC.Rd: hc
Please provide package anchors for all Rd \link{} targets not in the
package itself and the base packages.
Flavors: r-devel-linux-x86_64-debian-clang, r-devel-linux-x86_64-debian-gcc, r-devel-windows-x86_64
These binaries (installable software) and packages are in development.
They may not be fully stable and should be used with caution. We make no claims about them.